{"id":5526,"date":"2020-03-09T11:58:09","date_gmt":"2020-03-09T10:58:09","guid":{"rendered":"https:\/\/www.alphameditalia.com\/store\/?post_type=product&#038;p=5526"},"modified":"2021-03-09T01:42:00","modified_gmt":"2021-03-09T00:42:00","slug":"mb002-cube-stress-system-cardioline","status":"publish","type":"product","link":"https:\/\/www.alphameditalia.com\/store\/product\/mb002-cube-stress-system-cardioline\/","title":{"rendered":"MB002 Cube Stress System CARDIOLINE"},"content":{"rendered":"<p>INTERFACCIA UTENTE<\/p>\n<p>Sfrutta al massimo le potenzialit\u00e0 grafiche di Windows, guidando anche utenti meno esperti nella corretta esecuzione di tutte le fasi dell\u2019esame ECG da Sforzo.<br \/>\nSi compone di varie finestre attraverso le quali \u00e8 possibile controllare contemporaneamente tutte le funzionalit\u00e0 del programma<\/p>\n<p>TREND DELL\u2019ANALISI<\/p>\n<p>La finestra trend real-time presenta vari grafici riguardanti l\u2019andamento durante la prova di alcuni parametri rilevanti (frequenza cardiaca, la pressione arteriosa ETC..)<\/p>\n<p>FINESTRA ST<\/p>\n<p>La finestra ST &#8211; QT real-time focalizza l\u2019attenzione dell\u2019operatore sull\u2019analisi del tratto ST e QT.<\/p>\n<p>ANALISI BATTITO BATTITO<\/p>\n<p>L\u2019efficienza e le prestazioni degli algoritmi di analisi unita alla potenza di calcolo dei PC di ultima generazione, garantiscono l\u2019accuratezza dell\u2019analisi Cubestress esegue automaticamente e aggiornandoli in tempo reale una molteplicit\u00e0 di calcoli.<\/p>\n<p>FINESTRA ECG<\/p>\n<p>La finestra ECG &#8211; review \u00e8 ideale per impostare, le conclusioni dell\u2019esame gi\u00e0 durante la fase finale del recupero, poich\u00e9 consente sia di mantenere sotto constante controllo le condizioni del paziente attraverso l\u2019ECG in tempo reale e anche di rivedere alcune parti. Tutte le finestre danno accesso diretto alle funzioni di stampa.<\/p>\n<p>SEGNALE<\/p>\n<p>La finestra ECG real-time mostra il segnale ECG e i relativi complessi medi in tempo reale<br \/>\nVisualizzazione delle dodici derivazioni, variando ampiezza e velocit\u00e0<br \/>\nLa finestra AVG real-time offre sia una visione d\u2019insieme sulle dodici derivazioni, sia una vista privilegiata su una derivazione a scelta<\/p>\n<p>GESTIONE PROTOCOLLI DA SFORZO<\/p>\n<p>Cubestress integra un\u2019applicazione dedicata alla costruzione di protocolli da sforzo personalizzati. \u00a0Al momento dell\u2019installazione sono gi\u00e0 disponibili nel prodotto i pi\u00f9 comuni protocolli da sforzo per cicloergometri e per tappeti.<\/p>\n<p>CARATTERISTICHE ACQUISITORE HD<\/p>\n<p>Unit\u00e0 di acquisizione compatta, confortevole, leggera, senza fili; acquisisce 12 derivazioni ECG di qualit\u00e0 diagnostica. Risoluzione del segnale estremamente elevata e basso rumore. Di semplice utilizzo: 1 tasto, 1 led. Protezione contro liquidi, polvere, cadute accidentali (1 mt), tecnologia a basso consumo energetico<\/p>\n<p>&nbsp;<\/p>\n<p><strong>Per le caratteristiche riguardanti il SOFTWARE CUBESTRESS contattaci!<\/strong><\/p>\n","protected":false},"excerpt":{"rendered":"<p>Cubestress system \u00e8 il sistema completo per la gestione professionale dell\u2019esame ECG da Sforzo. Cubestress integra in un unico sistema tutte le procedure tipiche dell\u2019esame stress: dalla gestione della preparazione del paziente alla visualizzazione in tempo reale delle 12 derivazioni a video, dalla stampa del tracciato in tempo reale al controllo degli ergometri fino all\u2019archiviazione automatica e alla stampa del documento finale. Cubestress opera con l\u2019HD+ a 12 derivazioni, il sistema di acquisizione senza fili che offre tracciati di elevate qualit\u00e0 e confort sia per il paziente sia per il medico. Il Sistema \u00e8 dotato di interfacce utenti altamente configurabili e di numerose opzioni operative, \u00e8 uno strumento dedicato ai cardiologi e ai professionisti della medicina sportiva.<\/p>\n","protected":false},"featured_media":10207,"template":"","meta":{"_exactmetrics_skip_tracking":false,"_exactmetrics_sitenote_active":false,"_exactmetrics_sitenote_note":"","_exactmetrics_sitenote_category":0},"product_cat":[745],"product_tag":[],"product_folder":[753],"class_list":{"0":"post-5526","1":"product","2":"type-product","3":"status-publish","4":"has-post-thumbnail","6":"product_cat-sistemi-e-prove-da-sforzo","8":"first","9":"instock","10":"taxable","11":"shipping-taxable","12":"purchasable","13":"product-type-simple"},"yoast_head":"<!-- This site is optimized with the Yoast SEO plugin v25.5 - https:\/\/yoast.com\/wordpress\/plugins\/seo\/ -->\n<title>MB002 Cube Stress System CARDIOLINE - Alphamed Store<\/title>\n<meta name=\"robots\" content=\"index, follow, max-snippet:-1, max-image-preview:large, max-video-preview:-1\" \/>\n<link rel=\"canonical\" href=\"https:\/\/www.alphameditalia.com\/store\/product\/mb002-cube-stress-system-cardioline\/\" \/>\n<meta property=\"og:locale\" content=\"it_IT\" \/>\n<meta property=\"og:type\" content=\"article\" \/>\n<meta property=\"og:title\" content=\"MB002 Cube Stress System CARDIOLINE - Alphamed Store\" \/>\n<meta property=\"og:description\" content=\"Cubestress system \u00e8 il sistema completo per la gestione professionale dell\u2019esame ECG da Sforzo. Cubestress integra in un unico sistema tutte le procedure tipiche dell\u2019esame stress: dalla gestione della preparazione del paziente alla visualizzazione in tempo reale delle 12 derivazioni a video, dalla stampa del tracciato in tempo reale al controllo degli ergometri fino all\u2019archiviazione automatica e alla stampa del documento finale. Cubestress opera con l\u2019HD+ a 12 derivazioni, il sistema di acquisizione senza fili che offre tracciati di elevate qualit\u00e0 e confort sia per il paziente sia per il medico. Il Sistema \u00e8 dotato di interfacce utenti altamente configurabili e di numerose opzioni operative, \u00e8 uno strumento dedicato ai cardiologi e ai professionisti della medicina sportiva.\" \/>\n<meta property=\"og:url\" content=\"https:\/\/www.alphameditalia.com\/store\/product\/mb002-cube-stress-system-cardioline\/\" \/>\n<meta property=\"og:site_name\" content=\"Alphamed Store\" \/>\n<meta property=\"article:modified_time\" content=\"2021-03-09T00:42:00+00:00\" \/>\n<meta property=\"og:image\" content=\"https:\/\/www.alphameditalia.com\/store\/wp-content\/uploads\/2020\/03\/CUBESTRESS-MB002.jpg\" \/>\n\t<meta property=\"og:image:width\" content=\"720\" \/>\n\t<meta property=\"og:image:height\" content=\"714\" \/>\n\t<meta property=\"og:image:type\" content=\"image\/jpeg\" \/>\n<meta name=\"twitter:card\" content=\"summary_large_image\" \/>\n<meta name=\"twitter:label1\" content=\"Tempo di lettura stimato\" \/>\n\t<meta name=\"twitter:data1\" content=\"2 minuti\" \/>\n<script type=\"application\/ld+json\" class=\"yoast-schema-graph\">{\"@context\":\"https:\/\/schema.org\",\"@graph\":[{\"@type\":\"WebPage\",\"@id\":\"https:\/\/www.alphameditalia.com\/store\/product\/mb002-cube-stress-system-cardioline\/\",\"url\":\"https:\/\/www.alphameditalia.com\/store\/product\/mb002-cube-stress-system-cardioline\/\",\"name\":\"MB002 Cube Stress System CARDIOLINE - Alphamed Store\",\"isPartOf\":{\"@id\":\"https:\/\/www.alphameditalia.com\/store\/#website\"},\"primaryImageOfPage\":{\"@id\":\"https:\/\/www.alphameditalia.com\/store\/product\/mb002-cube-stress-system-cardioline\/#primaryimage\"},\"image\":{\"@id\":\"https:\/\/www.alphameditalia.com\/store\/product\/mb002-cube-stress-system-cardioline\/#primaryimage\"},\"thumbnailUrl\":\"https:\/\/www.alphameditalia.com\/store\/wp-content\/uploads\/2020\/03\/CUBESTRESS-MB002.jpg\",\"datePublished\":\"2020-03-09T10:58:09+00:00\",\"dateModified\":\"2021-03-09T00:42:00+00:00\",\"breadcrumb\":{\"@id\":\"https:\/\/www.alphameditalia.com\/store\/product\/mb002-cube-stress-system-cardioline\/#breadcrumb\"},\"inLanguage\":\"it-IT\",\"potentialAction\":[{\"@type\":\"ReadAction\",\"target\":[\"https:\/\/www.alphameditalia.com\/store\/product\/mb002-cube-stress-system-cardioline\/\"]}]},{\"@type\":\"ImageObject\",\"inLanguage\":\"it-IT\",\"@id\":\"https:\/\/www.alphameditalia.com\/store\/product\/mb002-cube-stress-system-cardioline\/#primaryimage\",\"url\":\"https:\/\/www.alphameditalia.com\/store\/wp-content\/uploads\/2020\/03\/CUBESTRESS-MB002.jpg\",\"contentUrl\":\"https:\/\/www.alphameditalia.com\/store\/wp-content\/uploads\/2020\/03\/CUBESTRESS-MB002.jpg\",\"width\":720,\"height\":714},{\"@type\":\"BreadcrumbList\",\"@id\":\"https:\/\/www.alphameditalia.com\/store\/product\/mb002-cube-stress-system-cardioline\/#breadcrumb\",\"itemListElement\":[{\"@type\":\"ListItem\",\"position\":1,\"name\":\"Home\",\"item\":\"https:\/\/www.alphameditalia.com\/store\/\"},{\"@type\":\"ListItem\",\"position\":2,\"name\":\"Prodotti\",\"item\":\"https:\/\/www.alphameditalia.com\/store\/shop\/\"},{\"@type\":\"ListItem\",\"position\":3,\"name\":\"MB002 Cube Stress System CARDIOLINE\"}]},{\"@type\":\"WebSite\",\"@id\":\"https:\/\/www.alphameditalia.com\/store\/#website\",\"url\":\"https:\/\/www.alphameditalia.com\/store\/\",\"name\":\"Alphamed Store\",\"description\":\"\",\"potentialAction\":[{\"@type\":\"SearchAction\",\"target\":{\"@type\":\"EntryPoint\",\"urlTemplate\":\"https:\/\/www.alphameditalia.com\/store\/?s={search_term_string}\"},\"query-input\":{\"@type\":\"PropertyValueSpecification\",\"valueRequired\":true,\"valueName\":\"search_term_string\"}}],\"inLanguage\":\"it-IT\"}]}<\/script>\n<!-- \/ Yoast SEO plugin. -->","yoast_head_json":{"title":"MB002 Cube Stress System CARDIOLINE - Alphamed Store","robots":{"index":"index","follow":"follow","max-snippet":"max-snippet:-1","max-image-preview":"max-image-preview:large","max-video-preview":"max-video-preview:-1"},"canonical":"https:\/\/www.alphameditalia.com\/store\/product\/mb002-cube-stress-system-cardioline\/","og_locale":"it_IT","og_type":"article","og_title":"MB002 Cube Stress System CARDIOLINE - Alphamed Store","og_description":"Cubestress system \u00e8 il sistema completo per la gestione professionale dell\u2019esame ECG da Sforzo. Cubestress integra in un unico sistema tutte le procedure tipiche dell\u2019esame stress: dalla gestione della preparazione del paziente alla visualizzazione in tempo reale delle 12 derivazioni a video, dalla stampa del tracciato in tempo reale al controllo degli ergometri fino all\u2019archiviazione automatica e alla stampa del documento finale. Cubestress opera con l\u2019HD+ a 12 derivazioni, il sistema di acquisizione senza fili che offre tracciati di elevate qualit\u00e0 e confort sia per il paziente sia per il medico. Il Sistema \u00e8 dotato di interfacce utenti altamente configurabili e di numerose opzioni operative, \u00e8 uno strumento dedicato ai cardiologi e ai professionisti della medicina sportiva.","og_url":"https:\/\/www.alphameditalia.com\/store\/product\/mb002-cube-stress-system-cardioline\/","og_site_name":"Alphamed Store","article_modified_time":"2021-03-09T00:42:00+00:00","og_image":[{"width":720,"height":714,"url":"https:\/\/www.alphameditalia.com\/store\/wp-content\/uploads\/2020\/03\/CUBESTRESS-MB002.jpg","type":"image\/jpeg"}],"twitter_card":"summary_large_image","twitter_misc":{"Tempo di lettura stimato":"2 minuti"},"schema":{"@context":"https:\/\/schema.org","@graph":[{"@type":"WebPage","@id":"https:\/\/www.alphameditalia.com\/store\/product\/mb002-cube-stress-system-cardioline\/","url":"https:\/\/www.alphameditalia.com\/store\/product\/mb002-cube-stress-system-cardioline\/","name":"MB002 Cube Stress System CARDIOLINE - Alphamed Store","isPartOf":{"@id":"https:\/\/www.alphameditalia.com\/store\/#website"},"primaryImageOfPage":{"@id":"https:\/\/www.alphameditalia.com\/store\/product\/mb002-cube-stress-system-cardioline\/#primaryimage"},"image":{"@id":"https:\/\/www.alphameditalia.com\/store\/product\/mb002-cube-stress-system-cardioline\/#primaryimage"},"thumbnailUrl":"https:\/\/www.alphameditalia.com\/store\/wp-content\/uploads\/2020\/03\/CUBESTRESS-MB002.jpg","datePublished":"2020-03-09T10:58:09+00:00","dateModified":"2021-03-09T00:42:00+00:00","breadcrumb":{"@id":"https:\/\/www.alphameditalia.com\/store\/product\/mb002-cube-stress-system-cardioline\/#breadcrumb"},"inLanguage":"it-IT","potentialAction":[{"@type":"ReadAction","target":["https:\/\/www.alphameditalia.com\/store\/product\/mb002-cube-stress-system-cardioline\/"]}]},{"@type":"ImageObject","inLanguage":"it-IT","@id":"https:\/\/www.alphameditalia.com\/store\/product\/mb002-cube-stress-system-cardioline\/#primaryimage","url":"https:\/\/www.alphameditalia.com\/store\/wp-content\/uploads\/2020\/03\/CUBESTRESS-MB002.jpg","contentUrl":"https:\/\/www.alphameditalia.com\/store\/wp-content\/uploads\/2020\/03\/CUBESTRESS-MB002.jpg","width":720,"height":714},{"@type":"BreadcrumbList","@id":"https:\/\/www.alphameditalia.com\/store\/product\/mb002-cube-stress-system-cardioline\/#breadcrumb","itemListElement":[{"@type":"ListItem","position":1,"name":"Home","item":"https:\/\/www.alphameditalia.com\/store\/"},{"@type":"ListItem","position":2,"name":"Prodotti","item":"https:\/\/www.alphameditalia.com\/store\/shop\/"},{"@type":"ListItem","position":3,"name":"MB002 Cube Stress System CARDIOLINE"}]},{"@type":"WebSite","@id":"https:\/\/www.alphameditalia.com\/store\/#website","url":"https:\/\/www.alphameditalia.com\/store\/","name":"Alphamed Store","description":"","potentialAction":[{"@type":"SearchAction","target":{"@type":"EntryPoint","urlTemplate":"https:\/\/www.alphameditalia.com\/store\/?s={search_term_string}"},"query-input":{"@type":"PropertyValueSpecification","valueRequired":true,"valueName":"search_term_string"}}],"inLanguage":"it-IT"}]}},"_links":{"self":[{"href":"https:\/\/www.alphameditalia.com\/store\/wp-json\/wp\/v2\/product\/5526","targetHints":{"allow":["GET"]}}],"collection":[{"href":"https:\/\/www.alphameditalia.com\/store\/wp-json\/wp\/v2\/product"}],"about":[{"href":"https:\/\/www.alphameditalia.com\/store\/wp-json\/wp\/v2\/types\/product"}],"wp:featuredmedia":[{"embeddable":true,"href":"https:\/\/www.alphameditalia.com\/store\/wp-json\/wp\/v2\/media\/10207"}],"wp:attachment":[{"href":"https:\/\/www.alphameditalia.com\/store\/wp-json\/wp\/v2\/media?parent=5526"}],"wp:term":[{"taxonomy":"product_cat","embeddable":true,"href":"https:\/\/www.alphameditalia.com\/store\/wp-json\/wp\/v2\/product_cat?post=5526"},{"taxonomy":"product_tag","embeddable":true,"href":"https:\/\/www.alphameditalia.com\/store\/wp-json\/wp\/v2\/product_tag?post=5526"},{"taxonomy":"product_folder","embeddable":true,"href":"https:\/\/www.alphameditalia.com\/store\/wp-json\/wp\/v2\/product_folder?post=5526"}],"curies":[{"name":"wp","href":"https:\/\/api.w.org\/{rel}","templated":true}]}}