{"id":4458,"date":"2020-02-20T11:47:24","date_gmt":"2020-02-20T10:47:24","guid":{"rendered":"https:\/\/www.alphameditalia.com\/store\/?post_type=product&#038;p=4458"},"modified":"2023-03-17T13:56:34","modified_gmt":"2023-03-17T12:56:34","slug":"rocktape-rx","status":"publish","type":"product","link":"https:\/\/www.alphameditalia.com\/store\/product\/rocktape-rx\/","title":{"rendered":"ROCKTAPE\u00ae RX 5 cm x 5 mt adesivo Gentle PELLI SENSIBILI"},"content":{"rendered":"<p><strong>CARATTERISTICHE UNICHE AL MONDO!<\/strong><br \/>\n\u2022 Pi\u00f9 adesivo : aderisce per tutta la competizione e oltre<br \/>\n\u2022 Pi\u00f9 elastico : range of motion ottimale con il 180% di elasticit\u00e0, se raffrontato con gli altri tape in commercio (elasticit\u00e0 da 130 a 180%)<br \/>\n\u2022 Allevia il gonfiore creando pi\u00f9 spazio per i capillari congestionati e compressi, i vasi linfatici, le arterie e le vene<br \/>\n\u2022 Favorisce il flusso sanguigno per ritardare l&#8217;affaticamento, velocizzare il recupero e andare pi\u00f9 forte e pi\u00f9 a lungo<br \/>\n\u2022 Aumenta la consapevolezza della posizione corporea per aiutare a mantenere una postura corretta<br \/>\n\u2022 Resistente all&#8217;acqua<br \/>\n\u2022 97% Cotone 3% Nylon<br \/>\n\u2022 Latex Free<br \/>\n\u2022 100% degli utilizzatori soddisfatti<\/p>\n<p><span style=\"color: #800000;\">Colori disponibili<\/span><\/p>\n<p><span style=\"color: #800000;\">CI001 BEIGE &#8211; CI002 NERO &#8211; CI003 BLU &#8211; CI004 FUCSIA &#8211; CI005 ROSSO &#8211; CI006 ANIMAL\u00a0<\/span><\/p>\n","protected":false},"excerpt":{"rendered":"<p><span style=\"color: #800000; font-size: 14pt;\"><strong>SE SEI UN PROFESSIONISTA DEL SETTORE RICHIEDI IL TUO COUPON PER ACCEDERE ALLA SCONTISTICA<\/strong><\/span><\/p>\n<p><span style=\"font-size: 14pt; color: #800000;\"><strong>&#8220;The World Best Kinesiology Tape&#8221;<\/strong><\/span><br \/>\nAdesivo specifico per pelli sensibili. Ideale per tutti i pazienti &#8220;meno attivi&#8221;, persone anziane o per pelli sensibili.<br \/>\nRotoli Standard 5&#215;5 cm (6 colori)<\/p>\n<p>RockTape \u00e8 un tape elastico terapeutico, cio\u00e8 un particolare tipo di tape conosciuto come \u201ctape chinesiologico\u201d. Inizialmente utilizzato da agopuntori e chiropratici in Giappone, oggi il tape chinesiologico o nastro chinesiologico viene utilizzato dai professionisti del settore medico in tutto il mondo per il trattamento di infortuni ed il miglioramento delle performance sportive. Rocktape esiste in vari formati e colori. Rocktape \u00e8 il nastro pi\u00f9 usato tra gli atleti di varie discipline (tennis, atletica, dechatlon, wrestling, calcio \u2026) per la sua eccezionale elasticit\u00e0 e resistenza. Sebbene l\u2019adozione di pratiche di chinesiologia sia spesso associata ad atleti quali Serena Williams, Kerri Walsh e Lance Armstrong, la verit\u00e0 \u00e8 che RockTape si \u00e8 dimostrato efficace nel trattamento di una vasta categoria di problemi, non soltanto applicati all\u2019ambito sportivo.<\/p>\n<p><span style=\"color: #800000;\">I colori Beige, Nero, Blu, Fucsia, Rosso sono solitamente disponibili a magazzino nel caso di mancata disponibilit\u00e0 i tempi di arrivo si intendono nell&#8217;arco di 20 gg. Il colore Animal \u00e8 disponibile nell&#8217;arco di 30 gg.\u00a0<\/span><\/p>\n","protected":false},"featured_media":5064,"template":"","meta":{"_exactmetrics_skip_tracking":false,"_exactmetrics_sitenote_active":false,"_exactmetrics_sitenote_note":"","_exactmetrics_sitenote_category":0},"product_cat":[620],"product_tag":[552],"product_folder":[551],"class_list":{"0":"post-4458","1":"product","2":"type-product","3":"status-publish","4":"has-post-thumbnail","6":"product_cat-rocktape-gentle","7":"product_tag-rocktape","9":"first","10":"instock","11":"taxable","12":"shipping-taxable","13":"purchasable","14":"product-type-variable"},"yoast_head":"<!-- This site is optimized with the Yoast SEO plugin v25.5 - https:\/\/yoast.com\/wordpress\/plugins\/seo\/ -->\n<title>ROCKTAPE\u00ae RX 5 cm x 5 mt adesivo Gentle PELLI SENSIBILI - Alphamed Store<\/title>\n<meta name=\"robots\" content=\"index, follow, max-snippet:-1, max-image-preview:large, max-video-preview:-1\" \/>\n<link rel=\"canonical\" href=\"https:\/\/www.alphameditalia.com\/store\/product\/rocktape-rx\/\" \/>\n<meta property=\"og:locale\" content=\"it_IT\" \/>\n<meta property=\"og:type\" content=\"article\" \/>\n<meta property=\"og:title\" content=\"ROCKTAPE\u00ae RX 5 cm x 5 mt adesivo Gentle PELLI SENSIBILI - Alphamed Store\" \/>\n<meta property=\"og:description\" content=\"SE SEI UN PROFESSIONISTA DEL SETTORE RICHIEDI IL TUO COUPON PER ACCEDERE ALLA SCONTISTICA  &quot;The World Best Kinesiology Tape&quot; Adesivo specifico per pelli sensibili. Ideale per tutti i pazienti &quot;meno attivi&quot;, persone anziane o per pelli sensibili. Rotoli Standard 5x5 cm (6 colori)  RockTape \u00e8 un tape elastico terapeutico, cio\u00e8 un particolare tipo di tape conosciuto come \u201ctape chinesiologico\u201d. Inizialmente utilizzato da agopuntori e chiropratici in Giappone, oggi il tape chinesiologico o nastro chinesiologico viene utilizzato dai professionisti del settore medico in tutto il mondo per il trattamento di infortuni ed il miglioramento delle performance sportive. Rocktape esiste in vari formati e colori. Rocktape \u00e8 il nastro pi\u00f9 usato tra gli atleti di varie discipline (tennis, atletica, dechatlon, wrestling, calcio \u2026) per la sua eccezionale elasticit\u00e0 e resistenza. Sebbene l\u2019adozione di pratiche di chinesiologia sia spesso associata ad atleti quali Serena Williams, Kerri Walsh e Lance Armstrong, la verit\u00e0 \u00e8 che RockTape si \u00e8 dimostrato efficace nel trattamento di una vasta categoria di problemi, non soltanto applicati all\u2019ambito sportivo.  I colori Beige, Nero, Blu, Fucsia, Rosso sono solitamente disponibili a magazzino nel caso di mancata disponibilit\u00e0 i tempi di arrivo si intendono nell&#039;arco di 20 gg. Il colore Animal \u00e8 disponibile nell&#039;arco di 30 gg.\u00a0\" \/>\n<meta property=\"og:url\" content=\"https:\/\/www.alphameditalia.com\/store\/product\/rocktape-rx\/\" \/>\n<meta property=\"og:site_name\" content=\"Alphamed Store\" \/>\n<meta property=\"article:modified_time\" content=\"2023-03-17T12:56:34+00:00\" \/>\n<meta property=\"og:image\" content=\"https:\/\/www.alphameditalia.com\/store\/wp-content\/uploads\/2020\/02\/RX.png\" \/>\n\t<meta property=\"og:image:width\" content=\"400\" \/>\n\t<meta property=\"og:image:height\" content=\"400\" \/>\n\t<meta property=\"og:image:type\" content=\"image\/png\" \/>\n<meta name=\"twitter:card\" content=\"summary_large_image\" \/>\n<meta name=\"twitter:label1\" content=\"Tempo di lettura stimato\" \/>\n\t<meta name=\"twitter:data1\" content=\"1 minuto\" \/>\n<script type=\"application\/ld+json\" class=\"yoast-schema-graph\">{\"@context\":\"https:\/\/schema.org\",\"@graph\":[{\"@type\":\"WebPage\",\"@id\":\"https:\/\/www.alphameditalia.com\/store\/product\/rocktape-rx\/\",\"url\":\"https:\/\/www.alphameditalia.com\/store\/product\/rocktape-rx\/\",\"name\":\"ROCKTAPE\u00ae RX 5 cm x 5 mt adesivo Gentle PELLI SENSIBILI - Alphamed Store\",\"isPartOf\":{\"@id\":\"https:\/\/www.alphameditalia.com\/store\/#website\"},\"primaryImageOfPage\":{\"@id\":\"https:\/\/www.alphameditalia.com\/store\/product\/rocktape-rx\/#primaryimage\"},\"image\":{\"@id\":\"https:\/\/www.alphameditalia.com\/store\/product\/rocktape-rx\/#primaryimage\"},\"thumbnailUrl\":\"https:\/\/www.alphameditalia.com\/store\/wp-content\/uploads\/2020\/02\/RX.png\",\"datePublished\":\"2020-02-20T10:47:24+00:00\",\"dateModified\":\"2023-03-17T12:56:34+00:00\",\"breadcrumb\":{\"@id\":\"https:\/\/www.alphameditalia.com\/store\/product\/rocktape-rx\/#breadcrumb\"},\"inLanguage\":\"it-IT\",\"potentialAction\":[{\"@type\":\"ReadAction\",\"target\":[\"https:\/\/www.alphameditalia.com\/store\/product\/rocktape-rx\/\"]}]},{\"@type\":\"ImageObject\",\"inLanguage\":\"it-IT\",\"@id\":\"https:\/\/www.alphameditalia.com\/store\/product\/rocktape-rx\/#primaryimage\",\"url\":\"https:\/\/www.alphameditalia.com\/store\/wp-content\/uploads\/2020\/02\/RX.png\",\"contentUrl\":\"https:\/\/www.alphameditalia.com\/store\/wp-content\/uploads\/2020\/02\/RX.png\",\"width\":400,\"height\":400,\"caption\":\"RX\"},{\"@type\":\"BreadcrumbList\",\"@id\":\"https:\/\/www.alphameditalia.com\/store\/product\/rocktape-rx\/#breadcrumb\",\"itemListElement\":[{\"@type\":\"ListItem\",\"position\":1,\"name\":\"Home\",\"item\":\"https:\/\/www.alphameditalia.com\/store\/\"},{\"@type\":\"ListItem\",\"position\":2,\"name\":\"Prodotti\",\"item\":\"https:\/\/www.alphameditalia.com\/store\/shop\/\"},{\"@type\":\"ListItem\",\"position\":3,\"name\":\"ROCKTAPE\u00ae RX 5 cm x 5 mt adesivo Gentle PELLI SENSIBILI\"}]},{\"@type\":\"WebSite\",\"@id\":\"https:\/\/www.alphameditalia.com\/store\/#website\",\"url\":\"https:\/\/www.alphameditalia.com\/store\/\",\"name\":\"Alphamed Store\",\"description\":\"\",\"potentialAction\":[{\"@type\":\"SearchAction\",\"target\":{\"@type\":\"EntryPoint\",\"urlTemplate\":\"https:\/\/www.alphameditalia.com\/store\/?s={search_term_string}\"},\"query-input\":{\"@type\":\"PropertyValueSpecification\",\"valueRequired\":true,\"valueName\":\"search_term_string\"}}],\"inLanguage\":\"it-IT\"}]}<\/script>\n<!-- \/ Yoast SEO plugin. -->","yoast_head_json":{"title":"ROCKTAPE\u00ae RX 5 cm x 5 mt adesivo Gentle PELLI SENSIBILI - Alphamed Store","robots":{"index":"index","follow":"follow","max-snippet":"max-snippet:-1","max-image-preview":"max-image-preview:large","max-video-preview":"max-video-preview:-1"},"canonical":"https:\/\/www.alphameditalia.com\/store\/product\/rocktape-rx\/","og_locale":"it_IT","og_type":"article","og_title":"ROCKTAPE\u00ae RX 5 cm x 5 mt adesivo Gentle PELLI SENSIBILI - Alphamed Store","og_description":"SE SEI UN PROFESSIONISTA DEL SETTORE RICHIEDI IL TUO COUPON PER ACCEDERE ALLA SCONTISTICA  \"The World Best Kinesiology Tape\" Adesivo specifico per pelli sensibili. Ideale per tutti i pazienti \"meno attivi\", persone anziane o per pelli sensibili. Rotoli Standard 5x5 cm (6 colori)  RockTape \u00e8 un tape elastico terapeutico, cio\u00e8 un particolare tipo di tape conosciuto come \u201ctape chinesiologico\u201d. Inizialmente utilizzato da agopuntori e chiropratici in Giappone, oggi il tape chinesiologico o nastro chinesiologico viene utilizzato dai professionisti del settore medico in tutto il mondo per il trattamento di infortuni ed il miglioramento delle performance sportive. Rocktape esiste in vari formati e colori. Rocktape \u00e8 il nastro pi\u00f9 usato tra gli atleti di varie discipline (tennis, atletica, dechatlon, wrestling, calcio \u2026) per la sua eccezionale elasticit\u00e0 e resistenza. Sebbene l\u2019adozione di pratiche di chinesiologia sia spesso associata ad atleti quali Serena Williams, Kerri Walsh e Lance Armstrong, la verit\u00e0 \u00e8 che RockTape si \u00e8 dimostrato efficace nel trattamento di una vasta categoria di problemi, non soltanto applicati all\u2019ambito sportivo.  I colori Beige, Nero, Blu, Fucsia, Rosso sono solitamente disponibili a magazzino nel caso di mancata disponibilit\u00e0 i tempi di arrivo si intendono nell'arco di 20 gg. Il colore Animal \u00e8 disponibile nell'arco di 30 gg.\u00a0","og_url":"https:\/\/www.alphameditalia.com\/store\/product\/rocktape-rx\/","og_site_name":"Alphamed Store","article_modified_time":"2023-03-17T12:56:34+00:00","og_image":[{"width":400,"height":400,"url":"https:\/\/www.alphameditalia.com\/store\/wp-content\/uploads\/2020\/02\/RX.png","type":"image\/png"}],"twitter_card":"summary_large_image","twitter_misc":{"Tempo di lettura stimato":"1 minuto"},"schema":{"@context":"https:\/\/schema.org","@graph":[{"@type":"WebPage","@id":"https:\/\/www.alphameditalia.com\/store\/product\/rocktape-rx\/","url":"https:\/\/www.alphameditalia.com\/store\/product\/rocktape-rx\/","name":"ROCKTAPE\u00ae RX 5 cm x 5 mt adesivo Gentle PELLI SENSIBILI - Alphamed Store","isPartOf":{"@id":"https:\/\/www.alphameditalia.com\/store\/#website"},"primaryImageOfPage":{"@id":"https:\/\/www.alphameditalia.com\/store\/product\/rocktape-rx\/#primaryimage"},"image":{"@id":"https:\/\/www.alphameditalia.com\/store\/product\/rocktape-rx\/#primaryimage"},"thumbnailUrl":"https:\/\/www.alphameditalia.com\/store\/wp-content\/uploads\/2020\/02\/RX.png","datePublished":"2020-02-20T10:47:24+00:00","dateModified":"2023-03-17T12:56:34+00:00","breadcrumb":{"@id":"https:\/\/www.alphameditalia.com\/store\/product\/rocktape-rx\/#breadcrumb"},"inLanguage":"it-IT","potentialAction":[{"@type":"ReadAction","target":["https:\/\/www.alphameditalia.com\/store\/product\/rocktape-rx\/"]}]},{"@type":"ImageObject","inLanguage":"it-IT","@id":"https:\/\/www.alphameditalia.com\/store\/product\/rocktape-rx\/#primaryimage","url":"https:\/\/www.alphameditalia.com\/store\/wp-content\/uploads\/2020\/02\/RX.png","contentUrl":"https:\/\/www.alphameditalia.com\/store\/wp-content\/uploads\/2020\/02\/RX.png","width":400,"height":400,"caption":"RX"},{"@type":"BreadcrumbList","@id":"https:\/\/www.alphameditalia.com\/store\/product\/rocktape-rx\/#breadcrumb","itemListElement":[{"@type":"ListItem","position":1,"name":"Home","item":"https:\/\/www.alphameditalia.com\/store\/"},{"@type":"ListItem","position":2,"name":"Prodotti","item":"https:\/\/www.alphameditalia.com\/store\/shop\/"},{"@type":"ListItem","position":3,"name":"ROCKTAPE\u00ae RX 5 cm x 5 mt adesivo Gentle PELLI SENSIBILI"}]},{"@type":"WebSite","@id":"https:\/\/www.alphameditalia.com\/store\/#website","url":"https:\/\/www.alphameditalia.com\/store\/","name":"Alphamed Store","description":"","potentialAction":[{"@type":"SearchAction","target":{"@type":"EntryPoint","urlTemplate":"https:\/\/www.alphameditalia.com\/store\/?s={search_term_string}"},"query-input":{"@type":"PropertyValueSpecification","valueRequired":true,"valueName":"search_term_string"}}],"inLanguage":"it-IT"}]}},"_links":{"self":[{"href":"https:\/\/www.alphameditalia.com\/store\/wp-json\/wp\/v2\/product\/4458","targetHints":{"allow":["GET"]}}],"collection":[{"href":"https:\/\/www.alphameditalia.com\/store\/wp-json\/wp\/v2\/product"}],"about":[{"href":"https:\/\/www.alphameditalia.com\/store\/wp-json\/wp\/v2\/types\/product"}],"wp:featuredmedia":[{"embeddable":true,"href":"https:\/\/www.alphameditalia.com\/store\/wp-json\/wp\/v2\/media\/5064"}],"wp:attachment":[{"href":"https:\/\/www.alphameditalia.com\/store\/wp-json\/wp\/v2\/media?parent=4458"}],"wp:term":[{"taxonomy":"product_cat","embeddable":true,"href":"https:\/\/www.alphameditalia.com\/store\/wp-json\/wp\/v2\/product_cat?post=4458"},{"taxonomy":"product_tag","embeddable":true,"href":"https:\/\/www.alphameditalia.com\/store\/wp-json\/wp\/v2\/product_tag?post=4458"},{"taxonomy":"product_folder","embeddable":true,"href":"https:\/\/www.alphameditalia.com\/store\/wp-json\/wp\/v2\/product_folder?post=4458"}],"curies":[{"name":"wp","href":"https:\/\/api.w.org\/{rel}","templated":true}]}}