{"id":2311,"date":"2019-07-03T16:44:12","date_gmt":"2019-07-03T14:44:12","guid":{"rendered":"http:\/\/www.alphameditalia.com\/store\/?post_type=product&#038;p=2311"},"modified":"2026-04-07T11:32:29","modified_gmt":"2026-04-07T09:32:29","slug":"manumed-optimal-3-sezioni-con-flexion-regolazione-altezza-elettrica-con-controllo-periferico-le002","status":"publish","type":"product","link":"https:\/\/www.alphameditalia.com\/store\/product\/manumed-optimal-3-sezioni-con-flexion-regolazione-altezza-elettrica-con-controllo-periferico-le002\/","title":{"rendered":"Manumed Optimal 3 sezioni con flexion"},"content":{"rendered":"<p><strong><div class=\"epyt-video-wrapper\"><iframe loading=\"lazy\"  id=\"_ytid_62186\"  width=\"940\" height=\"529\"  data-origwidth=\"940\" data-origheight=\"529\" src=\"https:\/\/www.youtube.com\/embed\/YfqNeGQJ30s?enablejsapi=1&autoplay=0&cc_load_policy=0&cc_lang_pref=&iv_load_policy=1&loop=0&rel=0&fs=1&playsinline=0&autohide=2&theme=dark&color=red&controls=1&\" class=\"__youtube_prefs__  no-lazyload\" title=\"YouTube player\"  allow=\"fullscreen; accelerometer; autoplay; clipboard-write; encrypted-media; gyroscope; picture-in-picture\" allowfullscreen data-no-lazy=\"1\" data-skipgform_ajax_framebjll=\"\"><\/iframe><\/div>Caratteristiche tecniche linea Manumed Optimal 3 sezioni<\/strong><\/p>\n<ul>\n<li>Dimensioni 202 x 67 cm<\/li>\n<li>Peso kg 95<\/li>\n<li>Regolazione altezza 45-95 cm<\/li>\n<li>4 ruote retraibili<\/li>\n<li>Forza pompa idraulica 10.000 N per versione con regolazione altezza idraulica<\/li>\n<li>Tempo sollevamento min\/ max 18 sec circa per versione con regolazione altezza elettrica<\/li>\n<li>Capacit\u00e0 sollevamento 200 kg (opzionale 250 kg)<\/li>\n<li>Alimentazione 230 VAC 50\/60 Hz<\/li>\n<li>Assorbimento elettrico 2.0 A<\/li>\n<li>Conformi alla normativa CE 93\/42<\/li>\n<li>Certificato TUV tedesco<\/li>\n<li>PHTHALATE FREE materiale non tossico<\/li>\n<li>Materiale ignifugo e biocompatibile<\/li>\n<li>Densit\u00e0 espanso 40 kg \/ m3<\/li>\n<li>Movimentazione sezioni Manumed Optimal 3 sezioni con flexion centrale elettrica<\/li>\n<li><strong>Garanzia 36 mesi sul sistema di regolazione altezza e sezioni oleodinamico<\/strong><\/li>\n<\/ul>\n<p><span style=\"font-size: 14pt; color: #800000;\"><strong>Modelli disponibili :\u00a0<\/strong><\/span><\/p>\n<p><span style=\"font-size: 14pt; color: #800000;\">LE002 Manumed Optimal 3 sezioni elettrico con flexion elettrica e controllo periferico<\/span><br \/>\n<span style=\"font-size: 14pt; color: #800000;\">LE042 Manumed Optimal 3 sezioni con flexion idraulico<\/span><\/p>\n<p><strong>CONFIGURAZIONI SENZA MAGGIORAZIONE DI PREZZO<\/strong><\/p>\n<p><strong>LARGHEZZE<\/strong><\/p>\n<ul>\n<li>Larghezza 67 cm rettangolare<\/li>\n<li>Larghezza 67\/50 cm trapezoidale<\/li>\n<\/ul>\n<p><strong>FORO VISO\u00a0 DISPONIBILE<\/strong><\/p>\n<ul>\n<li>Foro rettangolare oblungo con tappo a copertura nel colore del lettino<\/li>\n<li>Foro triangolare con tappo a copertura (opzionale) solo di colore nero<\/li>\n<li>Senza foro per il viso<\/li>\n<\/ul>\n<p><strong>COLORI IMBOTTITURA DISPONIBILI\u00a0<\/strong><\/p>\n<p>NUOVI COLORI EXECUTIVE \u00e8 una semipelle di altissima qualit\u00e0 con grana fine e liscia<br \/>\nNUOVI COLORI NATURAL: l\u2019imbottitura Natural \u00e8 una similpelle di altissima qualit\u00e0 con grana ruvida<br \/>\nNUOVI COLORI LIFESTYLE: l\u2019imbottitura Lifestyle \u00e8 una similpelle di altissima qualit\u00e0 zigrinata<\/p>\n<p>I colori del telaio disponibili sono BIANCO, NERO E GRIGIO.<\/p>\n","protected":false},"excerpt":{"rendered":"<p>La linea Manumed Optimal \u00e8 la linea di lettini per manipolazione pi\u00f9 venduta al mondo. Il Manumed Optimal 3 sezioni ha una capacit\u00e0 di carico che varia da 200 a 250 kg (opzionale), dispone di una robusta testata. Il Manumed Optimal 3 sezioni pu\u00f2 disporre della posizione flexion centrale e della posizione<br \/>\nTrendelenburg. Tutti i lettini della linea Optimal hanno una garanzia di 36 mesi ed hanno molteplici possibilit\u00e0 di realizzazioni su misura senza alcuna maggiorazione di prezzo, quali : foro viso oblungo o triangolare, sezione piedi rettangolare o svasata, telaio nei colori grigio, bianco o nero, imbottitura a scelta fra 16 colori nella versione Executive, Natural, Lifestyle.<br \/>\nIl Manumed Optimal con flexion centrale pu\u00f2 essere ordinato nella versione idraulica ed elettrica. Nella versione con regolazione dell\u2019altezza elettrica dispone come accessorio standard di controllo periferico, pu\u00f2 essere dotato, come optional, di una vasta gamma di accessori, per la regolazione dell\u2019altezza e trazione.<\/p>\n<div class=\"woocommerce-product-details__short-description\">\n<p><span style=\"color: #800000;\"><strong>Nel caso il lettino venga prescelto con la la testata triangolare il tappo a copertura di colore nero \u00e8 in omaggio.<\/strong><\/span><\/p>\n<p><span style=\"font-size: 14pt; color: #800000;\"><strong>POSSIBILTA&#8217; DI FINANZIAMENTO CON TASSO AGEVOLATO RICHIEDI OGGI IL TUO PREVENTIVO !\u00a0<\/strong><\/span><\/p>\n<\/div>\n","protected":false},"featured_media":2360,"template":"","meta":{"_exactmetrics_skip_tracking":false,"_exactmetrics_sitenote_active":false,"_exactmetrics_sitenote_note":"","_exactmetrics_sitenote_category":0},"product_cat":[149],"product_tag":[514],"product_folder":[314],"class_list":{"0":"post-2311","1":"product","2":"type-product","3":"status-publish","4":"has-post-thumbnail","6":"product_brand-brand-2","7":"product_cat-manumed-optimal","8":"product_tag-optimal","9":"product_shipping_class-standard-30gg","11":"first","12":"instock","13":"taxable","14":"shipping-taxable","15":"purchasable","16":"product-type-variable"},"yoast_head":"<!-- This site is optimized with the Yoast SEO plugin v25.5 - https:\/\/yoast.com\/wordpress\/plugins\/seo\/ -->\n<title>Manumed Optimal 3 sezioni con flexion - Alphamed Store<\/title>\n<meta name=\"robots\" content=\"index, follow, max-snippet:-1, max-image-preview:large, max-video-preview:-1\" \/>\n<link rel=\"canonical\" href=\"https:\/\/www.alphameditalia.com\/store\/product\/manumed-optimal-3-sezioni-con-flexion-regolazione-altezza-elettrica-con-controllo-periferico-le002\/\" \/>\n<meta property=\"og:locale\" content=\"it_IT\" \/>\n<meta property=\"og:type\" content=\"article\" \/>\n<meta property=\"og:title\" content=\"Manumed Optimal 3 sezioni con flexion - Alphamed Store\" \/>\n<meta property=\"og:description\" content=\"La linea Manumed Optimal \u00e8 la linea di lettini per manipolazione pi\u00f9 venduta al mondo. Il Manumed Optimal 3 sezioni ha una capacit\u00e0 di carico che varia da 200 a 250 kg (opzionale), dispone di una robusta testata. Il Manumed Optimal 3 sezioni pu\u00f2 disporre della posizione flexion centrale e della posizione Trendelenburg. Tutti i lettini della linea Optimal hanno una garanzia di 36 mesi ed hanno molteplici possibilit\u00e0 di realizzazioni su misura senza alcuna maggiorazione di prezzo, quali : foro viso oblungo o triangolare, sezione piedi rettangolare o svasata, telaio nei colori grigio, bianco o nero, imbottitura a scelta fra 16 colori nella versione Executive, Natural, Lifestyle. Il Manumed Optimal con flexion centrale pu\u00f2 essere ordinato nella versione idraulica ed elettrica. Nella versione con regolazione dell\u2019altezza elettrica dispone come accessorio standard di controllo periferico, pu\u00f2 essere dotato, come optional, di una vasta gamma di accessori, per la regolazione dell\u2019altezza e trazione.   Nel caso il lettino venga prescelto con la la testata triangolare il tappo a copertura di colore nero \u00e8 in omaggio.  POSSIBILTA&#039; DI FINANZIAMENTO CON TASSO AGEVOLATO RICHIEDI OGGI IL TUO PREVENTIVO !\u00a0\" \/>\n<meta property=\"og:url\" content=\"https:\/\/www.alphameditalia.com\/store\/product\/manumed-optimal-3-sezioni-con-flexion-regolazione-altezza-elettrica-con-controllo-periferico-le002\/\" \/>\n<meta property=\"og:site_name\" content=\"Alphamed Store\" \/>\n<meta property=\"article:modified_time\" content=\"2026-04-07T09:32:29+00:00\" \/>\n<meta property=\"og:image\" content=\"https:\/\/www.alphameditalia.com\/store\/wp-content\/uploads\/2019\/07\/manumed-optimal-3-sezioni-c-flexion.jpg\" \/>\n\t<meta property=\"og:image:width\" content=\"537\" \/>\n\t<meta property=\"og:image:height\" content=\"334\" \/>\n\t<meta property=\"og:image:type\" content=\"image\/jpeg\" \/>\n<meta name=\"twitter:card\" content=\"summary_large_image\" \/>\n<meta name=\"twitter:label1\" content=\"Tempo di lettura stimato\" \/>\n\t<meta name=\"twitter:data1\" content=\"2 minuti\" \/>\n<script type=\"application\/ld+json\" class=\"yoast-schema-graph\">{\"@context\":\"https:\/\/schema.org\",\"@graph\":[{\"@type\":\"WebPage\",\"@id\":\"https:\/\/www.alphameditalia.com\/store\/product\/manumed-optimal-3-sezioni-con-flexion-regolazione-altezza-elettrica-con-controllo-periferico-le002\/\",\"url\":\"https:\/\/www.alphameditalia.com\/store\/product\/manumed-optimal-3-sezioni-con-flexion-regolazione-altezza-elettrica-con-controllo-periferico-le002\/\",\"name\":\"Manumed Optimal 3 sezioni con flexion - Alphamed Store\",\"isPartOf\":{\"@id\":\"https:\/\/www.alphameditalia.com\/store\/#website\"},\"primaryImageOfPage\":{\"@id\":\"https:\/\/www.alphameditalia.com\/store\/product\/manumed-optimal-3-sezioni-con-flexion-regolazione-altezza-elettrica-con-controllo-periferico-le002\/#primaryimage\"},\"image\":{\"@id\":\"https:\/\/www.alphameditalia.com\/store\/product\/manumed-optimal-3-sezioni-con-flexion-regolazione-altezza-elettrica-con-controllo-periferico-le002\/#primaryimage\"},\"thumbnailUrl\":\"https:\/\/www.alphameditalia.com\/store\/wp-content\/uploads\/2019\/07\/manumed-optimal-3-sezioni-c-flexion.jpg\",\"datePublished\":\"2019-07-03T14:44:12+00:00\",\"dateModified\":\"2026-04-07T09:32:29+00:00\",\"breadcrumb\":{\"@id\":\"https:\/\/www.alphameditalia.com\/store\/product\/manumed-optimal-3-sezioni-con-flexion-regolazione-altezza-elettrica-con-controllo-periferico-le002\/#breadcrumb\"},\"inLanguage\":\"it-IT\",\"potentialAction\":[{\"@type\":\"ReadAction\",\"target\":[\"https:\/\/www.alphameditalia.com\/store\/product\/manumed-optimal-3-sezioni-con-flexion-regolazione-altezza-elettrica-con-controllo-periferico-le002\/\"]}]},{\"@type\":\"ImageObject\",\"inLanguage\":\"it-IT\",\"@id\":\"https:\/\/www.alphameditalia.com\/store\/product\/manumed-optimal-3-sezioni-con-flexion-regolazione-altezza-elettrica-con-controllo-periferico-le002\/#primaryimage\",\"url\":\"https:\/\/www.alphameditalia.com\/store\/wp-content\/uploads\/2019\/07\/manumed-optimal-3-sezioni-c-flexion.jpg\",\"contentUrl\":\"https:\/\/www.alphameditalia.com\/store\/wp-content\/uploads\/2019\/07\/manumed-optimal-3-sezioni-c-flexion.jpg\",\"width\":537,\"height\":334},{\"@type\":\"BreadcrumbList\",\"@id\":\"https:\/\/www.alphameditalia.com\/store\/product\/manumed-optimal-3-sezioni-con-flexion-regolazione-altezza-elettrica-con-controllo-periferico-le002\/#breadcrumb\",\"itemListElement\":[{\"@type\":\"ListItem\",\"position\":1,\"name\":\"Home\",\"item\":\"https:\/\/www.alphameditalia.com\/store\/\"},{\"@type\":\"ListItem\",\"position\":2,\"name\":\"Prodotti\",\"item\":\"https:\/\/www.alphameditalia.com\/store\/shop\/\"},{\"@type\":\"ListItem\",\"position\":3,\"name\":\"Manumed Optimal 3 sezioni con flexion\"}]},{\"@type\":\"WebSite\",\"@id\":\"https:\/\/www.alphameditalia.com\/store\/#website\",\"url\":\"https:\/\/www.alphameditalia.com\/store\/\",\"name\":\"Alphamed Store\",\"description\":\"\",\"potentialAction\":[{\"@type\":\"SearchAction\",\"target\":{\"@type\":\"EntryPoint\",\"urlTemplate\":\"https:\/\/www.alphameditalia.com\/store\/?s={search_term_string}\"},\"query-input\":{\"@type\":\"PropertyValueSpecification\",\"valueRequired\":true,\"valueName\":\"search_term_string\"}}],\"inLanguage\":\"it-IT\"}]}<\/script>\n<!-- \/ Yoast SEO plugin. -->","yoast_head_json":{"title":"Manumed Optimal 3 sezioni con flexion - Alphamed Store","robots":{"index":"index","follow":"follow","max-snippet":"max-snippet:-1","max-image-preview":"max-image-preview:large","max-video-preview":"max-video-preview:-1"},"canonical":"https:\/\/www.alphameditalia.com\/store\/product\/manumed-optimal-3-sezioni-con-flexion-regolazione-altezza-elettrica-con-controllo-periferico-le002\/","og_locale":"it_IT","og_type":"article","og_title":"Manumed Optimal 3 sezioni con flexion - Alphamed Store","og_description":"La linea Manumed Optimal \u00e8 la linea di lettini per manipolazione pi\u00f9 venduta al mondo. Il Manumed Optimal 3 sezioni ha una capacit\u00e0 di carico che varia da 200 a 250 kg (opzionale), dispone di una robusta testata. Il Manumed Optimal 3 sezioni pu\u00f2 disporre della posizione flexion centrale e della posizione Trendelenburg. Tutti i lettini della linea Optimal hanno una garanzia di 36 mesi ed hanno molteplici possibilit\u00e0 di realizzazioni su misura senza alcuna maggiorazione di prezzo, quali : foro viso oblungo o triangolare, sezione piedi rettangolare o svasata, telaio nei colori grigio, bianco o nero, imbottitura a scelta fra 16 colori nella versione Executive, Natural, Lifestyle. Il Manumed Optimal con flexion centrale pu\u00f2 essere ordinato nella versione idraulica ed elettrica. Nella versione con regolazione dell\u2019altezza elettrica dispone come accessorio standard di controllo periferico, pu\u00f2 essere dotato, come optional, di una vasta gamma di accessori, per la regolazione dell\u2019altezza e trazione.   Nel caso il lettino venga prescelto con la la testata triangolare il tappo a copertura di colore nero \u00e8 in omaggio.  POSSIBILTA' DI FINANZIAMENTO CON TASSO AGEVOLATO RICHIEDI OGGI IL TUO PREVENTIVO !\u00a0","og_url":"https:\/\/www.alphameditalia.com\/store\/product\/manumed-optimal-3-sezioni-con-flexion-regolazione-altezza-elettrica-con-controllo-periferico-le002\/","og_site_name":"Alphamed Store","article_modified_time":"2026-04-07T09:32:29+00:00","og_image":[{"width":537,"height":334,"url":"https:\/\/www.alphameditalia.com\/store\/wp-content\/uploads\/2019\/07\/manumed-optimal-3-sezioni-c-flexion.jpg","type":"image\/jpeg"}],"twitter_card":"summary_large_image","twitter_misc":{"Tempo di lettura stimato":"2 minuti"},"schema":{"@context":"https:\/\/schema.org","@graph":[{"@type":"WebPage","@id":"https:\/\/www.alphameditalia.com\/store\/product\/manumed-optimal-3-sezioni-con-flexion-regolazione-altezza-elettrica-con-controllo-periferico-le002\/","url":"https:\/\/www.alphameditalia.com\/store\/product\/manumed-optimal-3-sezioni-con-flexion-regolazione-altezza-elettrica-con-controllo-periferico-le002\/","name":"Manumed Optimal 3 sezioni con flexion - Alphamed Store","isPartOf":{"@id":"https:\/\/www.alphameditalia.com\/store\/#website"},"primaryImageOfPage":{"@id":"https:\/\/www.alphameditalia.com\/store\/product\/manumed-optimal-3-sezioni-con-flexion-regolazione-altezza-elettrica-con-controllo-periferico-le002\/#primaryimage"},"image":{"@id":"https:\/\/www.alphameditalia.com\/store\/product\/manumed-optimal-3-sezioni-con-flexion-regolazione-altezza-elettrica-con-controllo-periferico-le002\/#primaryimage"},"thumbnailUrl":"https:\/\/www.alphameditalia.com\/store\/wp-content\/uploads\/2019\/07\/manumed-optimal-3-sezioni-c-flexion.jpg","datePublished":"2019-07-03T14:44:12+00:00","dateModified":"2026-04-07T09:32:29+00:00","breadcrumb":{"@id":"https:\/\/www.alphameditalia.com\/store\/product\/manumed-optimal-3-sezioni-con-flexion-regolazione-altezza-elettrica-con-controllo-periferico-le002\/#breadcrumb"},"inLanguage":"it-IT","potentialAction":[{"@type":"ReadAction","target":["https:\/\/www.alphameditalia.com\/store\/product\/manumed-optimal-3-sezioni-con-flexion-regolazione-altezza-elettrica-con-controllo-periferico-le002\/"]}]},{"@type":"ImageObject","inLanguage":"it-IT","@id":"https:\/\/www.alphameditalia.com\/store\/product\/manumed-optimal-3-sezioni-con-flexion-regolazione-altezza-elettrica-con-controllo-periferico-le002\/#primaryimage","url":"https:\/\/www.alphameditalia.com\/store\/wp-content\/uploads\/2019\/07\/manumed-optimal-3-sezioni-c-flexion.jpg","contentUrl":"https:\/\/www.alphameditalia.com\/store\/wp-content\/uploads\/2019\/07\/manumed-optimal-3-sezioni-c-flexion.jpg","width":537,"height":334},{"@type":"BreadcrumbList","@id":"https:\/\/www.alphameditalia.com\/store\/product\/manumed-optimal-3-sezioni-con-flexion-regolazione-altezza-elettrica-con-controllo-periferico-le002\/#breadcrumb","itemListElement":[{"@type":"ListItem","position":1,"name":"Home","item":"https:\/\/www.alphameditalia.com\/store\/"},{"@type":"ListItem","position":2,"name":"Prodotti","item":"https:\/\/www.alphameditalia.com\/store\/shop\/"},{"@type":"ListItem","position":3,"name":"Manumed Optimal 3 sezioni con flexion"}]},{"@type":"WebSite","@id":"https:\/\/www.alphameditalia.com\/store\/#website","url":"https:\/\/www.alphameditalia.com\/store\/","name":"Alphamed Store","description":"","potentialAction":[{"@type":"SearchAction","target":{"@type":"EntryPoint","urlTemplate":"https:\/\/www.alphameditalia.com\/store\/?s={search_term_string}"},"query-input":{"@type":"PropertyValueSpecification","valueRequired":true,"valueName":"search_term_string"}}],"inLanguage":"it-IT"}]}},"_links":{"self":[{"href":"https:\/\/www.alphameditalia.com\/store\/wp-json\/wp\/v2\/product\/2311","targetHints":{"allow":["GET"]}}],"collection":[{"href":"https:\/\/www.alphameditalia.com\/store\/wp-json\/wp\/v2\/product"}],"about":[{"href":"https:\/\/www.alphameditalia.com\/store\/wp-json\/wp\/v2\/types\/product"}],"wp:featuredmedia":[{"embeddable":true,"href":"https:\/\/www.alphameditalia.com\/store\/wp-json\/wp\/v2\/media\/2360"}],"wp:attachment":[{"href":"https:\/\/www.alphameditalia.com\/store\/wp-json\/wp\/v2\/media?parent=2311"}],"wp:term":[{"taxonomy":"product_cat","embeddable":true,"href":"https:\/\/www.alphameditalia.com\/store\/wp-json\/wp\/v2\/product_cat?post=2311"},{"taxonomy":"product_tag","embeddable":true,"href":"https:\/\/www.alphameditalia.com\/store\/wp-json\/wp\/v2\/product_tag?post=2311"},{"taxonomy":"product_folder","embeddable":true,"href":"https:\/\/www.alphameditalia.com\/store\/wp-json\/wp\/v2\/product_folder?post=2311"}],"curies":[{"name":"wp","href":"https:\/\/api.w.org\/{rel}","templated":true}]}}