{"id":12153,"date":"2024-03-02T22:05:28","date_gmt":"2024-03-02T21:05:28","guid":{"rendered":"https:\/\/www.alphameditalia.com\/store\/?post_type=product&#038;p=12153"},"modified":"2024-03-02T22:27:10","modified_gmt":"2024-03-02T21:27:10","slug":"lumix-q-il-primo-laser-ndyag-q-switched-per-fisioterapia-e-riabilitazione","status":"publish","type":"product","link":"https:\/\/www.alphameditalia.com\/store\/product\/lumix-q-il-primo-laser-ndyag-q-switched-per-fisioterapia-e-riabilitazione\/","title":{"rendered":"LUMIX\u00ae Q il primo laser Nd:YAG Q-Switched per Fisioterapia e Riabilitazione"},"content":{"rendered":"<div class=\"av-special-heading av-4nlsvg-01b2fc85eae25a1aadd614059ccfda81 av-special-heading-h3 custom-color-heading blockquote modern-quote  avia-builder-el-46  el_after_av_section  el_before_av_hr  avia-builder-el-first \">\n<h3 class=\"av-special-heading-tag\">LUMIX<sup>\u00ae<\/sup> Q porta innumerevoli vantaggi al tuo centro<\/h3>\n<\/div>\n<div class=\"flex_column av-21ytg-84e444a64f685a1b0e26d745ed800c80 av_one_half  avia-builder-el-48  el_after_av_hr  el_before_av_one_half  first flex_column_div av-zero-column-padding  \">\n<section class=\"av_textblock_section av-jxa3uqoq-139181235c5d348490503a9b67da7fe0 \">\n<div class=\"avia_textblock\">\n<ul>\n<li>Curva di apprendimento estremamente rapida grazie al Wizard e al LUMIX<sup>\u00ae<\/sup>\u00a0Assistant<\/li>\n<li>Training operativo fruibile 24h su 24 da tutti gli operatori grazie ai Video Tutorial Applicativi presenti all\u2019interno di LUMIX<sup>\u00ae<\/sup>\u00a0Q<\/li>\n<li>Tempi di trattamento ridotti, per terapie veloci che consentono di trattare un numero maggiore di pazienti<\/li>\n<li>Avere una tecnologia Nd:YAG extra compatta e trasportabile<\/li>\n<\/ul>\n<h2 class=\"av-special-heading-tag\">Terapia efficace, sicura e personalizzabile<\/h2>\n<ul>\n<li>Biostimolazione &#8211; Effetto Antalgico Immediato &#8211; Post Traumatico -Anti Edemigeno Localizzato &#8211; Terapia Riabilitativa &#8211; Anti Infiammatorio &#8211; Medicina Estetica &amp; Dermatologia (con terminali opzionali) &#8211; Podologia (con terminali opzionali)<\/li>\n<\/ul>\n<div class=\"epyt-video-wrapper\"><iframe loading=\"lazy\"  id=\"_ytid_68815\"  width=\"940\" height=\"529\"  data-origwidth=\"940\" data-origheight=\"529\" src=\"https:\/\/www.youtube.com\/embed\/_s759SC51qw?enablejsapi=1&autoplay=0&cc_load_policy=0&cc_lang_pref=&iv_load_policy=1&loop=0&rel=0&fs=1&playsinline=0&autohide=2&theme=dark&color=red&controls=1&\" class=\"__youtube_prefs__  no-lazyload\" title=\"YouTube player\"  allow=\"fullscreen; accelerometer; autoplay; clipboard-write; encrypted-media; gyroscope; picture-in-picture\" allowfullscreen data-no-lazy=\"1\" data-skipgform_ajax_framebjll=\"\"><\/iframe><\/div>\n<\/div>\n<\/section>\n<\/div>\n<div class=\"flex_column av-21ytg-287b6199492fa0b8a8c89ac8b869caa9 av_one_half  avia-builder-el-50  el_after_av_one_half  el_before_av_section  avia-builder-el-last  flex_column_div av-zero-column-padding  \">\n<section class=\"av_textblock_section av-jxa3uqoq-139181235c5d348490503a9b67da7fe0 \">\n<div class=\"avia_textblock\"><\/div>\n<\/section>\n<\/div>\n","protected":false},"excerpt":{"rendered":"<h1 class=\"av-special-heading-tag\"><strong><span style=\"font-size: 18pt; color: #800000;\">LUMIX<sup>\u00ae<\/sup>\u00a0Q il primo laser Nd:YAG Q-Switched per Fisioterapia e Riabilitazione<\/span><\/strong><\/h1>\n<p>Dalla nanotecnologia un laser rivoluzionario per una terapia a 360\u00b0. <strong>LUMIX<sup>\u00ae<\/sup>\u00a0Q<\/strong> \u00e8 l\u2019ultima innovazione Fisioline<sup>\u00ae<\/sup>\u00a0derivata da oltre 30 anni di ricerca scientifica, progettazione e produzione made in Italy all\u2019avanguardia nella Laser Terapia di ultima generazione.<\/p>\n<div class=\"av-special-heading av-jyiqi2s4-3fe3da7004f114e3c8d298eb3d0d54a4 av-special-heading-h3 custom-color-heading blockquote modern-quote  avia-builder-el-10  el_before_av_hr  avia-builder-el-first \"><\/div>\n<p>Una tecnologia rivoluzionaria, estremamente performante ed efficace nel raggiungere gli obiettivi terapeutici in tempi extra ridotti.<\/p>\n<div class=\"av-special-heading av-jyiqi2s4-3fe3da7004f114e3c8d298eb3d0d54a4 av-special-heading-h3 custom-color-heading blockquote modern-quote  avia-builder-el-10  el_before_av_hr  avia-builder-el-first \">\n<h3 class=\"av-special-heading-tag\">Le caratteristiche uniche di LUMIX<sup>\u00ae<\/sup>\u00a0Q<\/h3>\n<\/div>\n<ul>\n<li class=\"hr av-jxa59pu7-67c21dae47fd3b339420e6c156a9b541 hr-invisible  avia-builder-el-11  el_after_av_heading  el_before_av_textblock \">Potenza: 130kW = 130.000Watt<\/li>\n<li class=\"hr av-jxa59pu7-67c21dae47fd3b339420e6c156a9b541 hr-invisible  avia-builder-el-11  el_after_av_heading  el_before_av_textblock \">Potenza media: 20Watt<\/li>\n<li class=\"hr av-jxa59pu7-67c21dae47fd3b339420e6c156a9b541 hr-invisible  avia-builder-el-11  el_after_av_heading  el_before_av_textblock \">Impulso: da 7ns a 35ns<\/li>\n<li class=\"hr av-jxa59pu7-67c21dae47fd3b339420e6c156a9b541 hr-invisible  avia-builder-el-11  el_after_av_heading  el_before_av_textblock \">Superpulsazione: fino a 100.000Hz<\/li>\n<\/ul>\n<div class=\"av-special-heading av-nm3uh8-155cd07a430c0b121132a2fb7b393e05 av-special-heading-h3 custom-color-heading blockquote modern-quote  avia-builder-el-14  el_before_av_hr  avia-builder-el-first \">\n<h3 class=\"av-special-heading-tag\">I plus<\/h3>\n<\/div>\n<section class=\"av_textblock_section av-jxa3uqoq-139181235c5d348490503a9b67da7fe0 \">\n<div class=\"avia_textblock\">\n<ul>\n<li>effetto antalgico immediato<\/li>\n<li>profondit\u00e0 d\u2019azione mai raggiunta prima<\/li>\n<li>risultati rapidi<\/li>\n<li>sicurezza nel trattamento<\/li>\n<li>ampio spettro di indicazioni terapeutiche<\/li>\n<\/ul>\n<h3 class=\"av-special-heading-tag\">Il Laser Nd:YAG Terapeutico pi\u00f9 potente: 130.000 Watt di Potenza<\/h3>\n<div class=\"flex_column av-dos4cc-895a33280a1aa57a3643dab2fa3f2920 av_one_half  avia-builder-el-24  el_after_av_hr  el_before_av_one_half  first flex_column_div av-zero-column-padding  \">\n<section class=\"av_textblock_section av-jxa3uqoq-139181235c5d348490503a9b67da7fe0 \">\n<div class=\"avia_textblock\">\n<p>L\u2019esclusivo Sistema Nd:YAG Q-Switched (1064nm) adottato da Fisioline<sup>\u00ae<\/sup>\u00a0consente di coniugare caratteristiche peculiari come la pi\u00f9 elevata potenza di picco mai raggiunta da un Laser in Terapia Fisica (fino a 130kW) e l\u2019elevata potenza media (fino a 20W), rendendo LUMIX<sup>\u00ae<\/sup>\u00a0Q un laser potente, estremamente performante e unico.<\/p>\n<\/div>\n<\/section>\n<\/div>\n<div class=\"flex_column av-dos4cc-6651962995d17ee42c6715f80b38cf2d av_one_half  avia-builder-el-26  el_after_av_one_half  el_before_av_one_half  flex_column_div av-zero-column-padding  \">\n<section class=\"av_textblock_section av-jxa3uqoq-139181235c5d348490503a9b67da7fe0 \">\n<div class=\"avia_textblock\">\n<p>L\u2019elevata potenza di picco e l\u2019alta potenza media che raggiunge permettono un ampio coinvolgimento volumetrico regolabile della zona trattata con la somministrazione di una grande quantit\u00e0 di energia in profondit\u00e0, garantendo una penetrazione tissutale particolarmente elevata, con effetto antalgico immediato.<\/p>\n<\/div>\n<\/section>\n<\/div>\n<div class=\"flex_column av-azlbjw-d11aa108f4489badca19f678ac3c0cca av_one_half  avia-builder-el-28  el_after_av_one_half  el_before_av_one_half  first flex_column_div av-zero-column-padding  column-top-margin\">\n<div class=\"av-special-heading av-5qi9jg-0556c12358149fdd6ab22420e4bafb46 av-special-heading-h3 custom-color-heading blockquote modern-quote  avia-builder-el-29  el_before_av_hr  avia-builder-el-first \">\n<h3 class=\"av-special-heading-tag\">Dalla Nanotecnologia arrivano i nano-impulsi di LUMIX<sup>\u00ae<\/sup>\u00a0Q: da 7ns a 35ns<\/h3>\n<\/div>\n<div class=\"hr av-jxa59pu7-67c21dae47fd3b339420e6c156a9b541 hr-invisible  avia-builder-el-30  el_after_av_heading  el_before_av_textblock \">Il Laser Q-switched emette il fascio di luce nell\u2019ambito dei nanosecondi. La brevit\u00e0 e la specificit\u00e0 del fascio di luce limita l\u2019emissione di calore ai tessuti circostanti, concentrando l\u2019efficacia solo dove serve. I nanoimpulsi permettono di erogare grandi quantit\u00e0 di energia senza effetti termici cutanei elevati.<\/div>\n<div>L\u2019elevata potenza di picco e l\u2019alta potenza media che raggiunge permettono un ampio coinvolgimento volumetrico regolabile della zona trattata con la somministrazione di una grande quantit\u00e0 di energia in profondit\u00e0, garantendo una penetrazione tissutale particolarmente elevata, con effetto antalgico immediato.<\/div>\n<div>\n<div class=\"av-special-heading av-5i1p18-1e04a132c166e1e0df2908d699ae8e14 av-special-heading-h3 custom-color-heading blockquote modern-quote  avia-builder-el-34  el_after_av_section  el_before_av_hr  avia-builder-el-first \">\n<h3 class=\"av-special-heading-tag\">La reale superpulsazione<\/h3>\n<\/div>\n<div class=\"flex_column av-21ytg-84e444a64f685a1b0e26d745ed800c80 av_one_half  avia-builder-el-36  el_after_av_hr  el_before_av_one_half  first flex_column_div av-zero-column-padding  \">\n<section class=\"av_textblock_section av-jxa3uqoq-139181235c5d348490503a9b67da7fe0 \">\n<div class=\"avia_textblock\">\n<p>L\u2019emissione laser pu\u00f2 essere continua, pulsata o superpulsata, mentre le modalit\u00e0 operative possono essere in regime continuo, one shot o a treno d\u2019impulsi. L\u2019utilizzo di elevate frequenze di pulsazione (oltre 30 KHz: Superpulsazione) permette di sfruttare un nuovo fenomeno fisico: l\u2019effetto fotomeccanico, cio\u00e8 la trasformazione, a livello molecolare, dell\u2019energia EM luminosa in energia meccanica. Ci\u00f2 pu\u00f2 accentuare, a parit\u00e0 di lunghezza d\u2019onda e potenza, gli effetti sia sulle strutture di conduzione, e cio\u00e8 sul tessuto muscolare (decontrattura) e nervoso (antalgia), sia sul tessuto fibrosato (aumento elasticit\u00e0). L\u2019ampio range di regolazione della frequenza (da 1Hz a 100.000Hz) rende LUMIX<sup>\u00ae<\/sup>\u00a0Q l\u2019unico Laser Terapeutico al mondo con Tecnologia Nd:YAG Q-Switched Superpulsed.<\/p>\n<p><span style=\"color: #800000; font-size: 14pt;\"><strong>ALPHAMED ITALIA DISTRIBUTORE ESCLUSIVO PER PIEMONTE, LIGURIA E VALLE D\u2019AOSTA DELLA LINEA DI LASER AD ALTA POTENZA PIU\u2019 AMPIA ED EFFICACE SUL PANORAMA MONDIALE\u00a0<\/strong><\/span><\/p>\n<\/div>\n<\/section>\n<\/div>\n<\/div>\n<\/div>\n<\/div>\n<\/section>\n","protected":false},"featured_media":12154,"template":"","meta":{"_exactmetrics_skip_tracking":false,"_exactmetrics_sitenote_active":false,"_exactmetrics_sitenote_note":"","_exactmetrics_sitenote_category":0},"product_cat":[877],"product_tag":[686],"product_folder":[],"class_list":{"0":"post-12153","1":"product","2":"type-product","3":"status-publish","4":"has-post-thumbnail","6":"product_cat-lumix-q-ndyag-q-switched","7":"product_tag-laserix","9":"first","10":"instock","11":"taxable","12":"shipping-taxable","13":"purchasable","14":"product-type-simple"},"yoast_head":"<!-- This site is optimized with the Yoast SEO plugin v25.5 - https:\/\/yoast.com\/wordpress\/plugins\/seo\/ -->\n<title>LUMIX\u00ae Q il primo laser Nd:YAG Q-Switched per Fisioterapia e Riabilitazione - Alphamed Store<\/title>\n<meta name=\"description\" content=\"LUMIX\u00ae Q il primo laser Nd:YAG Q-Switched per Fisioterapia e Riabilitazione\" \/>\n<meta name=\"robots\" content=\"index, follow, max-snippet:-1, max-image-preview:large, max-video-preview:-1\" \/>\n<link rel=\"canonical\" href=\"https:\/\/www.alphameditalia.com\/store\/product\/lumix-q-il-primo-laser-ndyag-q-switched-per-fisioterapia-e-riabilitazione\/\" \/>\n<meta property=\"og:locale\" content=\"it_IT\" \/>\n<meta property=\"og:type\" content=\"article\" \/>\n<meta property=\"og:title\" content=\"LUMIX\u00ae Q il primo laser Nd:YAG Q-Switched per Fisioterapia e Riabilitazione - Alphamed Store\" \/>\n<meta property=\"og:description\" content=\"LUMIX\u00ae Q il primo laser Nd:YAG Q-Switched per Fisioterapia e Riabilitazione\" \/>\n<meta property=\"og:url\" content=\"https:\/\/www.alphameditalia.com\/store\/product\/lumix-q-il-primo-laser-ndyag-q-switched-per-fisioterapia-e-riabilitazione\/\" \/>\n<meta property=\"og:site_name\" content=\"Alphamed Store\" \/>\n<meta property=\"article:modified_time\" content=\"2024-03-02T21:27:10+00:00\" \/>\n<meta property=\"og:image\" content=\"https:\/\/www.alphameditalia.com\/store\/wp-content\/uploads\/2024\/03\/LUMIXQ.jpg\" \/>\n\t<meta property=\"og:image:width\" content=\"802\" \/>\n\t<meta property=\"og:image:height\" content=\"720\" \/>\n\t<meta property=\"og:image:type\" content=\"image\/jpeg\" \/>\n<meta name=\"twitter:card\" content=\"summary_large_image\" \/>\n<meta name=\"twitter:label1\" content=\"Tempo di lettura stimato\" \/>\n\t<meta name=\"twitter:data1\" content=\"1 minuto\" \/>\n<script type=\"application\/ld+json\" class=\"yoast-schema-graph\">{\"@context\":\"https:\/\/schema.org\",\"@graph\":[{\"@type\":\"WebPage\",\"@id\":\"https:\/\/www.alphameditalia.com\/store\/product\/lumix-q-il-primo-laser-ndyag-q-switched-per-fisioterapia-e-riabilitazione\/\",\"url\":\"https:\/\/www.alphameditalia.com\/store\/product\/lumix-q-il-primo-laser-ndyag-q-switched-per-fisioterapia-e-riabilitazione\/\",\"name\":\"LUMIX\u00ae Q il primo laser Nd:YAG Q-Switched per Fisioterapia e Riabilitazione - Alphamed Store\",\"isPartOf\":{\"@id\":\"https:\/\/www.alphameditalia.com\/store\/#website\"},\"primaryImageOfPage\":{\"@id\":\"https:\/\/www.alphameditalia.com\/store\/product\/lumix-q-il-primo-laser-ndyag-q-switched-per-fisioterapia-e-riabilitazione\/#primaryimage\"},\"image\":{\"@id\":\"https:\/\/www.alphameditalia.com\/store\/product\/lumix-q-il-primo-laser-ndyag-q-switched-per-fisioterapia-e-riabilitazione\/#primaryimage\"},\"thumbnailUrl\":\"https:\/\/www.alphameditalia.com\/store\/wp-content\/uploads\/2024\/03\/LUMIXQ.jpg\",\"datePublished\":\"2024-03-02T21:05:28+00:00\",\"dateModified\":\"2024-03-02T21:27:10+00:00\",\"description\":\"LUMIX\u00ae Q il primo laser Nd:YAG Q-Switched per Fisioterapia e Riabilitazione\",\"breadcrumb\":{\"@id\":\"https:\/\/www.alphameditalia.com\/store\/product\/lumix-q-il-primo-laser-ndyag-q-switched-per-fisioterapia-e-riabilitazione\/#breadcrumb\"},\"inLanguage\":\"it-IT\",\"potentialAction\":[{\"@type\":\"ReadAction\",\"target\":[\"https:\/\/www.alphameditalia.com\/store\/product\/lumix-q-il-primo-laser-ndyag-q-switched-per-fisioterapia-e-riabilitazione\/\"]}]},{\"@type\":\"ImageObject\",\"inLanguage\":\"it-IT\",\"@id\":\"https:\/\/www.alphameditalia.com\/store\/product\/lumix-q-il-primo-laser-ndyag-q-switched-per-fisioterapia-e-riabilitazione\/#primaryimage\",\"url\":\"https:\/\/www.alphameditalia.com\/store\/wp-content\/uploads\/2024\/03\/LUMIXQ.jpg\",\"contentUrl\":\"https:\/\/www.alphameditalia.com\/store\/wp-content\/uploads\/2024\/03\/LUMIXQ.jpg\",\"width\":802,\"height\":720},{\"@type\":\"BreadcrumbList\",\"@id\":\"https:\/\/www.alphameditalia.com\/store\/product\/lumix-q-il-primo-laser-ndyag-q-switched-per-fisioterapia-e-riabilitazione\/#breadcrumb\",\"itemListElement\":[{\"@type\":\"ListItem\",\"position\":1,\"name\":\"Home\",\"item\":\"https:\/\/www.alphameditalia.com\/store\/\"},{\"@type\":\"ListItem\",\"position\":2,\"name\":\"Prodotti\",\"item\":\"https:\/\/www.alphameditalia.com\/store\/shop\/\"},{\"@type\":\"ListItem\",\"position\":3,\"name\":\"LUMIX\u00ae Q il primo laser Nd:YAG Q-Switched per Fisioterapia e Riabilitazione\"}]},{\"@type\":\"WebSite\",\"@id\":\"https:\/\/www.alphameditalia.com\/store\/#website\",\"url\":\"https:\/\/www.alphameditalia.com\/store\/\",\"name\":\"Alphamed Store\",\"description\":\"\",\"potentialAction\":[{\"@type\":\"SearchAction\",\"target\":{\"@type\":\"EntryPoint\",\"urlTemplate\":\"https:\/\/www.alphameditalia.com\/store\/?s={search_term_string}\"},\"query-input\":{\"@type\":\"PropertyValueSpecification\",\"valueRequired\":true,\"valueName\":\"search_term_string\"}}],\"inLanguage\":\"it-IT\"}]}<\/script>\n<!-- \/ Yoast SEO plugin. -->","yoast_head_json":{"title":"LUMIX\u00ae Q il primo laser Nd:YAG Q-Switched per Fisioterapia e Riabilitazione - Alphamed Store","description":"LUMIX\u00ae Q il primo laser Nd:YAG Q-Switched per Fisioterapia e Riabilitazione","robots":{"index":"index","follow":"follow","max-snippet":"max-snippet:-1","max-image-preview":"max-image-preview:large","max-video-preview":"max-video-preview:-1"},"canonical":"https:\/\/www.alphameditalia.com\/store\/product\/lumix-q-il-primo-laser-ndyag-q-switched-per-fisioterapia-e-riabilitazione\/","og_locale":"it_IT","og_type":"article","og_title":"LUMIX\u00ae Q il primo laser Nd:YAG Q-Switched per Fisioterapia e Riabilitazione - Alphamed Store","og_description":"LUMIX\u00ae Q il primo laser Nd:YAG Q-Switched per Fisioterapia e Riabilitazione","og_url":"https:\/\/www.alphameditalia.com\/store\/product\/lumix-q-il-primo-laser-ndyag-q-switched-per-fisioterapia-e-riabilitazione\/","og_site_name":"Alphamed Store","article_modified_time":"2024-03-02T21:27:10+00:00","og_image":[{"width":802,"height":720,"url":"https:\/\/www.alphameditalia.com\/store\/wp-content\/uploads\/2024\/03\/LUMIXQ.jpg","type":"image\/jpeg"}],"twitter_card":"summary_large_image","twitter_misc":{"Tempo di lettura stimato":"1 minuto"},"schema":{"@context":"https:\/\/schema.org","@graph":[{"@type":"WebPage","@id":"https:\/\/www.alphameditalia.com\/store\/product\/lumix-q-il-primo-laser-ndyag-q-switched-per-fisioterapia-e-riabilitazione\/","url":"https:\/\/www.alphameditalia.com\/store\/product\/lumix-q-il-primo-laser-ndyag-q-switched-per-fisioterapia-e-riabilitazione\/","name":"LUMIX\u00ae Q il primo laser Nd:YAG Q-Switched per Fisioterapia e Riabilitazione - Alphamed Store","isPartOf":{"@id":"https:\/\/www.alphameditalia.com\/store\/#website"},"primaryImageOfPage":{"@id":"https:\/\/www.alphameditalia.com\/store\/product\/lumix-q-il-primo-laser-ndyag-q-switched-per-fisioterapia-e-riabilitazione\/#primaryimage"},"image":{"@id":"https:\/\/www.alphameditalia.com\/store\/product\/lumix-q-il-primo-laser-ndyag-q-switched-per-fisioterapia-e-riabilitazione\/#primaryimage"},"thumbnailUrl":"https:\/\/www.alphameditalia.com\/store\/wp-content\/uploads\/2024\/03\/LUMIXQ.jpg","datePublished":"2024-03-02T21:05:28+00:00","dateModified":"2024-03-02T21:27:10+00:00","description":"LUMIX\u00ae Q il primo laser Nd:YAG Q-Switched per Fisioterapia e Riabilitazione","breadcrumb":{"@id":"https:\/\/www.alphameditalia.com\/store\/product\/lumix-q-il-primo-laser-ndyag-q-switched-per-fisioterapia-e-riabilitazione\/#breadcrumb"},"inLanguage":"it-IT","potentialAction":[{"@type":"ReadAction","target":["https:\/\/www.alphameditalia.com\/store\/product\/lumix-q-il-primo-laser-ndyag-q-switched-per-fisioterapia-e-riabilitazione\/"]}]},{"@type":"ImageObject","inLanguage":"it-IT","@id":"https:\/\/www.alphameditalia.com\/store\/product\/lumix-q-il-primo-laser-ndyag-q-switched-per-fisioterapia-e-riabilitazione\/#primaryimage","url":"https:\/\/www.alphameditalia.com\/store\/wp-content\/uploads\/2024\/03\/LUMIXQ.jpg","contentUrl":"https:\/\/www.alphameditalia.com\/store\/wp-content\/uploads\/2024\/03\/LUMIXQ.jpg","width":802,"height":720},{"@type":"BreadcrumbList","@id":"https:\/\/www.alphameditalia.com\/store\/product\/lumix-q-il-primo-laser-ndyag-q-switched-per-fisioterapia-e-riabilitazione\/#breadcrumb","itemListElement":[{"@type":"ListItem","position":1,"name":"Home","item":"https:\/\/www.alphameditalia.com\/store\/"},{"@type":"ListItem","position":2,"name":"Prodotti","item":"https:\/\/www.alphameditalia.com\/store\/shop\/"},{"@type":"ListItem","position":3,"name":"LUMIX\u00ae Q il primo laser Nd:YAG Q-Switched per Fisioterapia e Riabilitazione"}]},{"@type":"WebSite","@id":"https:\/\/www.alphameditalia.com\/store\/#website","url":"https:\/\/www.alphameditalia.com\/store\/","name":"Alphamed Store","description":"","potentialAction":[{"@type":"SearchAction","target":{"@type":"EntryPoint","urlTemplate":"https:\/\/www.alphameditalia.com\/store\/?s={search_term_string}"},"query-input":{"@type":"PropertyValueSpecification","valueRequired":true,"valueName":"search_term_string"}}],"inLanguage":"it-IT"}]}},"_links":{"self":[{"href":"https:\/\/www.alphameditalia.com\/store\/wp-json\/wp\/v2\/product\/12153","targetHints":{"allow":["GET"]}}],"collection":[{"href":"https:\/\/www.alphameditalia.com\/store\/wp-json\/wp\/v2\/product"}],"about":[{"href":"https:\/\/www.alphameditalia.com\/store\/wp-json\/wp\/v2\/types\/product"}],"wp:featuredmedia":[{"embeddable":true,"href":"https:\/\/www.alphameditalia.com\/store\/wp-json\/wp\/v2\/media\/12154"}],"wp:attachment":[{"href":"https:\/\/www.alphameditalia.com\/store\/wp-json\/wp\/v2\/media?parent=12153"}],"wp:term":[{"taxonomy":"product_cat","embeddable":true,"href":"https:\/\/www.alphameditalia.com\/store\/wp-json\/wp\/v2\/product_cat?post=12153"},{"taxonomy":"product_tag","embeddable":true,"href":"https:\/\/www.alphameditalia.com\/store\/wp-json\/wp\/v2\/product_tag?post=12153"},{"taxonomy":"product_folder","embeddable":true,"href":"https:\/\/www.alphameditalia.com\/store\/wp-json\/wp\/v2\/product_folder?post=12153"}],"curies":[{"name":"wp","href":"https:\/\/api.w.org\/{rel}","templated":true}]}}