{"id":10162,"date":"2021-03-08T23:44:53","date_gmt":"2021-03-08T22:44:53","guid":{"rendered":"https:\/\/www.alphameditalia.com\/store\/?post_type=product&#038;p=10162"},"modified":"2021-03-09T20:57:16","modified_gmt":"2021-03-09T19:57:16","slug":"opzionali-regolazioni-larghezza-timer-hill-aft-with-optional-manual-drops","status":"publish","type":"product","link":"https:\/\/www.alphameditalia.com\/store\/product\/opzionali-regolazioni-larghezza-timer-hill-aft-with-optional-manual-drops\/","title":{"rendered":"Opzionali regolazioni larghezza &#038; timer HILL AFT with optional manual drops"},"content":{"rendered":"","protected":false},"excerpt":{"rendered":"<ul>\n<li>AHL023 92-HH Extra Foot Pedal for Height-control at the Head-end Pedale opzionale aggiunto dalla parte della testata per<br \/>\ncontrollare la regolazione dell&#8217;altezza.<\/li>\n<li>AHL024 92-HF Extra Foot Pedal for Height-control at the Foot-end Pedale opzionale aggiunto dalla parte della sezione piedi per controllare la regolazione dell&#8217;altezza.<\/li>\n<li>AHL028 92D Toggle Height Switch La pulsantiera per la regolazione dell&#8217;altezza manuale viene solitamente<br \/>\naggiunta al pedale. Pu\u00f2 essere utilizzata per attivare i drop &#8220;up&#8221; &#8220;down&#8221; o &#8220;neutral&#8221;.<\/li>\n<li>AHL073 92SSF Extra Foot Pedal for Start\/Stop of Flexion at Foot-end Pedale supplementare aggiunto al fono del lettino per il controllo della flessione star\/stop<\/li>\n<li>AHL025 92B Auto-Touch Foot Pedal Un pedale che alza ed abbassa al massimo il lettino premendolo una volta.<br \/>\nSe si preme una seconda volta il lettino si ferma all&#8217;altezza desiderata.<\/li>\n<li>AHL069 141 Timer, 30 minuti Controlla il tempo di trattamento per ogni singolo paziente<\/li>\n<li>AHL030 93 Caster System for mobility Ruote per la movimentazione del lettino si attivano mediante 2 leve sulle estremit\u00e0 del lettino<\/li>\n<li>AHL043 97 Larghezza 50,8 cm (27&#8243;) (non \u00e8 indicata per gli operatori con altezza inferiore a 1,82 m o con presa limitata) Standard \u00e8 61 cm (24&#8243;)<\/li>\n<\/ul>\n<p>Il prezzo indicato \u00e8\u00a0 su una base di cambio $\/ \u20ac pari 1,00\u20ac ma deve essere confermato in fase di ordine. Richiedi informazioni per avere un preventivo di spesa dettagliato con le opzioni che desideri aggiungere. Unitamente al preventivo verranno inviate tutte le opzioni di pagamento disponibili ed il relativo prezzo alla data della richiesta.<\/p>\n<p>&nbsp;<\/p>\n","protected":false},"featured_media":9989,"template":"","meta":{"_exactmetrics_skip_tracking":false,"_exactmetrics_sitenote_active":false,"_exactmetrics_sitenote_note":"","_exactmetrics_sitenote_category":0},"product_cat":[15],"product_tag":[],"product_folder":[],"class_list":{"0":"post-10162","1":"product","2":"type-product","3":"status-publish","4":"has-post-thumbnail","6":"product_cat-uncategorized","7":"product_shipping_class-via-aerea-da-usa-a-malpensa","9":"first","10":"instock","11":"taxable","12":"shipping-taxable","13":"purchasable","14":"product-type-variable"},"yoast_head":"<!-- This site is optimized with the Yoast SEO plugin v25.5 - https:\/\/yoast.com\/wordpress\/plugins\/seo\/ -->\n<title>Opzionali regolazioni larghezza &amp; timer HILL AFT with optional manual drops - Alphamed Store<\/title>\n<meta name=\"robots\" content=\"index, follow, max-snippet:-1, max-image-preview:large, max-video-preview:-1\" \/>\n<link rel=\"canonical\" href=\"https:\/\/www.alphameditalia.com\/store\/product\/opzionali-regolazioni-larghezza-timer-hill-aft-with-optional-manual-drops\/\" \/>\n<meta property=\"og:locale\" content=\"it_IT\" \/>\n<meta property=\"og:type\" content=\"article\" \/>\n<meta property=\"og:title\" content=\"Opzionali regolazioni larghezza &amp; timer HILL AFT with optional manual drops - Alphamed Store\" \/>\n<meta property=\"og:description\" content=\"AHL023 92-HH Extra Foot Pedal for Height-control at the Head-end Pedale opzionale aggiunto dalla parte della testata per controllare la regolazione dell&#039;altezza.  AHL024 92-HF Extra Foot Pedal for Height-control at the Foot-end Pedale opzionale aggiunto dalla parte della sezione piedi per controllare la regolazione dell&#039;altezza.  AHL028 92D Toggle Height Switch La pulsantiera per la regolazione dell&#039;altezza manuale viene solitamente aggiunta al pedale. Pu\u00f2 essere utilizzata per attivare i drop &quot;up&quot; &quot;down&quot; o &quot;neutral&quot;.  AHL073 92SSF Extra Foot Pedal for Start\/Stop of Flexion at Foot-end Pedale supplementare aggiunto al fono del lettino per il controllo della flessione star\/stop  AHL025 92B Auto-Touch Foot Pedal Un pedale che alza ed abbassa al massimo il lettino premendolo una volta. Se si preme una seconda volta il lettino si ferma all&#039;altezza desiderata.  AHL069 141 Timer, 30 minuti Controlla il tempo di trattamento per ogni singolo paziente  AHL030 93 Caster System for mobility Ruote per la movimentazione del lettino si attivano mediante 2 leve sulle estremit\u00e0 del lettino  AHL043 97 Larghezza 50,8 cm (27&quot;) (non \u00e8 indicata per gli operatori con altezza inferiore a 1,82 m o con presa limitata) Standard \u00e8 61 cm (24&quot;)  Il prezzo indicato \u00e8\u00a0 su una base di cambio $\/ \u20ac pari 1,00\u20ac ma deve essere confermato in fase di ordine. Richiedi informazioni per avere un preventivo di spesa dettagliato con le opzioni che desideri aggiungere. Unitamente al preventivo verranno inviate tutte le opzioni di pagamento disponibili ed il relativo prezzo alla data della richiesta.  &nbsp;\" \/>\n<meta property=\"og:url\" content=\"https:\/\/www.alphameditalia.com\/store\/product\/opzionali-regolazioni-larghezza-timer-hill-aft-with-optional-manual-drops\/\" \/>\n<meta property=\"og:site_name\" content=\"Alphamed Store\" \/>\n<meta property=\"article:modified_time\" content=\"2021-03-09T19:57:16+00:00\" \/>\n<meta property=\"og:image\" content=\"https:\/\/www.alphameditalia.com\/store\/wp-content\/uploads\/2021\/03\/AHL030.jpg\" \/>\n\t<meta property=\"og:image:width\" content=\"1006\" \/>\n\t<meta property=\"og:image:height\" content=\"265\" \/>\n\t<meta property=\"og:image:type\" content=\"image\/jpeg\" \/>\n<meta name=\"twitter:card\" content=\"summary_large_image\" \/>\n<script type=\"application\/ld+json\" class=\"yoast-schema-graph\">{\"@context\":\"https:\/\/schema.org\",\"@graph\":[{\"@type\":\"WebPage\",\"@id\":\"https:\/\/www.alphameditalia.com\/store\/product\/opzionali-regolazioni-larghezza-timer-hill-aft-with-optional-manual-drops\/\",\"url\":\"https:\/\/www.alphameditalia.com\/store\/product\/opzionali-regolazioni-larghezza-timer-hill-aft-with-optional-manual-drops\/\",\"name\":\"Opzionali regolazioni larghezza & timer HILL AFT with optional manual drops - Alphamed Store\",\"isPartOf\":{\"@id\":\"https:\/\/www.alphameditalia.com\/store\/#website\"},\"primaryImageOfPage\":{\"@id\":\"https:\/\/www.alphameditalia.com\/store\/product\/opzionali-regolazioni-larghezza-timer-hill-aft-with-optional-manual-drops\/#primaryimage\"},\"image\":{\"@id\":\"https:\/\/www.alphameditalia.com\/store\/product\/opzionali-regolazioni-larghezza-timer-hill-aft-with-optional-manual-drops\/#primaryimage\"},\"thumbnailUrl\":\"https:\/\/www.alphameditalia.com\/store\/wp-content\/uploads\/2021\/03\/AHL030.jpg\",\"datePublished\":\"2021-03-08T22:44:53+00:00\",\"dateModified\":\"2021-03-09T19:57:16+00:00\",\"breadcrumb\":{\"@id\":\"https:\/\/www.alphameditalia.com\/store\/product\/opzionali-regolazioni-larghezza-timer-hill-aft-with-optional-manual-drops\/#breadcrumb\"},\"inLanguage\":\"it-IT\",\"potentialAction\":[{\"@type\":\"ReadAction\",\"target\":[\"https:\/\/www.alphameditalia.com\/store\/product\/opzionali-regolazioni-larghezza-timer-hill-aft-with-optional-manual-drops\/\"]}]},{\"@type\":\"ImageObject\",\"inLanguage\":\"it-IT\",\"@id\":\"https:\/\/www.alphameditalia.com\/store\/product\/opzionali-regolazioni-larghezza-timer-hill-aft-with-optional-manual-drops\/#primaryimage\",\"url\":\"https:\/\/www.alphameditalia.com\/store\/wp-content\/uploads\/2021\/03\/AHL030.jpg\",\"contentUrl\":\"https:\/\/www.alphameditalia.com\/store\/wp-content\/uploads\/2021\/03\/AHL030.jpg\",\"width\":1006,\"height\":265},{\"@type\":\"BreadcrumbList\",\"@id\":\"https:\/\/www.alphameditalia.com\/store\/product\/opzionali-regolazioni-larghezza-timer-hill-aft-with-optional-manual-drops\/#breadcrumb\",\"itemListElement\":[{\"@type\":\"ListItem\",\"position\":1,\"name\":\"Home\",\"item\":\"https:\/\/www.alphameditalia.com\/store\/\"},{\"@type\":\"ListItem\",\"position\":2,\"name\":\"Prodotti\",\"item\":\"https:\/\/www.alphameditalia.com\/store\/shop\/\"},{\"@type\":\"ListItem\",\"position\":3,\"name\":\"Opzionali regolazioni larghezza &#038; timer HILL AFT with optional manual drops\"}]},{\"@type\":\"WebSite\",\"@id\":\"https:\/\/www.alphameditalia.com\/store\/#website\",\"url\":\"https:\/\/www.alphameditalia.com\/store\/\",\"name\":\"Alphamed Store\",\"description\":\"\",\"potentialAction\":[{\"@type\":\"SearchAction\",\"target\":{\"@type\":\"EntryPoint\",\"urlTemplate\":\"https:\/\/www.alphameditalia.com\/store\/?s={search_term_string}\"},\"query-input\":{\"@type\":\"PropertyValueSpecification\",\"valueRequired\":true,\"valueName\":\"search_term_string\"}}],\"inLanguage\":\"it-IT\"}]}<\/script>\n<!-- \/ Yoast SEO plugin. -->","yoast_head_json":{"title":"Opzionali regolazioni larghezza & timer HILL AFT with optional manual drops - Alphamed Store","robots":{"index":"index","follow":"follow","max-snippet":"max-snippet:-1","max-image-preview":"max-image-preview:large","max-video-preview":"max-video-preview:-1"},"canonical":"https:\/\/www.alphameditalia.com\/store\/product\/opzionali-regolazioni-larghezza-timer-hill-aft-with-optional-manual-drops\/","og_locale":"it_IT","og_type":"article","og_title":"Opzionali regolazioni larghezza & timer HILL AFT with optional manual drops - Alphamed Store","og_description":"AHL023 92-HH Extra Foot Pedal for Height-control at the Head-end Pedale opzionale aggiunto dalla parte della testata per controllare la regolazione dell'altezza.  AHL024 92-HF Extra Foot Pedal for Height-control at the Foot-end Pedale opzionale aggiunto dalla parte della sezione piedi per controllare la regolazione dell'altezza.  AHL028 92D Toggle Height Switch La pulsantiera per la regolazione dell'altezza manuale viene solitamente aggiunta al pedale. Pu\u00f2 essere utilizzata per attivare i drop \"up\" \"down\" o \"neutral\".  AHL073 92SSF Extra Foot Pedal for Start\/Stop of Flexion at Foot-end Pedale supplementare aggiunto al fono del lettino per il controllo della flessione star\/stop  AHL025 92B Auto-Touch Foot Pedal Un pedale che alza ed abbassa al massimo il lettino premendolo una volta. Se si preme una seconda volta il lettino si ferma all'altezza desiderata.  AHL069 141 Timer, 30 minuti Controlla il tempo di trattamento per ogni singolo paziente  AHL030 93 Caster System for mobility Ruote per la movimentazione del lettino si attivano mediante 2 leve sulle estremit\u00e0 del lettino  AHL043 97 Larghezza 50,8 cm (27\") (non \u00e8 indicata per gli operatori con altezza inferiore a 1,82 m o con presa limitata) Standard \u00e8 61 cm (24\")  Il prezzo indicato \u00e8\u00a0 su una base di cambio $\/ \u20ac pari 1,00\u20ac ma deve essere confermato in fase di ordine. Richiedi informazioni per avere un preventivo di spesa dettagliato con le opzioni che desideri aggiungere. Unitamente al preventivo verranno inviate tutte le opzioni di pagamento disponibili ed il relativo prezzo alla data della richiesta.  &nbsp;","og_url":"https:\/\/www.alphameditalia.com\/store\/product\/opzionali-regolazioni-larghezza-timer-hill-aft-with-optional-manual-drops\/","og_site_name":"Alphamed Store","article_modified_time":"2021-03-09T19:57:16+00:00","og_image":[{"width":1006,"height":265,"url":"https:\/\/www.alphameditalia.com\/store\/wp-content\/uploads\/2021\/03\/AHL030.jpg","type":"image\/jpeg"}],"twitter_card":"summary_large_image","schema":{"@context":"https:\/\/schema.org","@graph":[{"@type":"WebPage","@id":"https:\/\/www.alphameditalia.com\/store\/product\/opzionali-regolazioni-larghezza-timer-hill-aft-with-optional-manual-drops\/","url":"https:\/\/www.alphameditalia.com\/store\/product\/opzionali-regolazioni-larghezza-timer-hill-aft-with-optional-manual-drops\/","name":"Opzionali regolazioni larghezza & timer HILL AFT with optional manual drops - Alphamed Store","isPartOf":{"@id":"https:\/\/www.alphameditalia.com\/store\/#website"},"primaryImageOfPage":{"@id":"https:\/\/www.alphameditalia.com\/store\/product\/opzionali-regolazioni-larghezza-timer-hill-aft-with-optional-manual-drops\/#primaryimage"},"image":{"@id":"https:\/\/www.alphameditalia.com\/store\/product\/opzionali-regolazioni-larghezza-timer-hill-aft-with-optional-manual-drops\/#primaryimage"},"thumbnailUrl":"https:\/\/www.alphameditalia.com\/store\/wp-content\/uploads\/2021\/03\/AHL030.jpg","datePublished":"2021-03-08T22:44:53+00:00","dateModified":"2021-03-09T19:57:16+00:00","breadcrumb":{"@id":"https:\/\/www.alphameditalia.com\/store\/product\/opzionali-regolazioni-larghezza-timer-hill-aft-with-optional-manual-drops\/#breadcrumb"},"inLanguage":"it-IT","potentialAction":[{"@type":"ReadAction","target":["https:\/\/www.alphameditalia.com\/store\/product\/opzionali-regolazioni-larghezza-timer-hill-aft-with-optional-manual-drops\/"]}]},{"@type":"ImageObject","inLanguage":"it-IT","@id":"https:\/\/www.alphameditalia.com\/store\/product\/opzionali-regolazioni-larghezza-timer-hill-aft-with-optional-manual-drops\/#primaryimage","url":"https:\/\/www.alphameditalia.com\/store\/wp-content\/uploads\/2021\/03\/AHL030.jpg","contentUrl":"https:\/\/www.alphameditalia.com\/store\/wp-content\/uploads\/2021\/03\/AHL030.jpg","width":1006,"height":265},{"@type":"BreadcrumbList","@id":"https:\/\/www.alphameditalia.com\/store\/product\/opzionali-regolazioni-larghezza-timer-hill-aft-with-optional-manual-drops\/#breadcrumb","itemListElement":[{"@type":"ListItem","position":1,"name":"Home","item":"https:\/\/www.alphameditalia.com\/store\/"},{"@type":"ListItem","position":2,"name":"Prodotti","item":"https:\/\/www.alphameditalia.com\/store\/shop\/"},{"@type":"ListItem","position":3,"name":"Opzionali regolazioni larghezza &#038; timer HILL AFT with optional manual drops"}]},{"@type":"WebSite","@id":"https:\/\/www.alphameditalia.com\/store\/#website","url":"https:\/\/www.alphameditalia.com\/store\/","name":"Alphamed Store","description":"","potentialAction":[{"@type":"SearchAction","target":{"@type":"EntryPoint","urlTemplate":"https:\/\/www.alphameditalia.com\/store\/?s={search_term_string}"},"query-input":{"@type":"PropertyValueSpecification","valueRequired":true,"valueName":"search_term_string"}}],"inLanguage":"it-IT"}]}},"_links":{"self":[{"href":"https:\/\/www.alphameditalia.com\/store\/wp-json\/wp\/v2\/product\/10162","targetHints":{"allow":["GET"]}}],"collection":[{"href":"https:\/\/www.alphameditalia.com\/store\/wp-json\/wp\/v2\/product"}],"about":[{"href":"https:\/\/www.alphameditalia.com\/store\/wp-json\/wp\/v2\/types\/product"}],"wp:featuredmedia":[{"embeddable":true,"href":"https:\/\/www.alphameditalia.com\/store\/wp-json\/wp\/v2\/media\/9989"}],"wp:attachment":[{"href":"https:\/\/www.alphameditalia.com\/store\/wp-json\/wp\/v2\/media?parent=10162"}],"wp:term":[{"taxonomy":"product_cat","embeddable":true,"href":"https:\/\/www.alphameditalia.com\/store\/wp-json\/wp\/v2\/product_cat?post=10162"},{"taxonomy":"product_tag","embeddable":true,"href":"https:\/\/www.alphameditalia.com\/store\/wp-json\/wp\/v2\/product_tag?post=10162"},{"taxonomy":"product_folder","embeddable":true,"href":"https:\/\/www.alphameditalia.com\/store\/wp-json\/wp\/v2\/product_folder?post=10162"}],"curies":[{"name":"wp","href":"https:\/\/api.w.org\/{rel}","templated":true}]}}